Last updated on 2024-07-27 01:53:07 CEST.
Flavor | Version | Tinstall | Tcheck | Ttotal | Status | Flags |
---|---|---|---|---|---|---|
r-devel-linux-x86_64-debian-clang | 1.1.0 | 3.06 | 26.35 | 29.41 | NOTE | |
r-devel-linux-x86_64-debian-gcc | 1.1.0 | 2.57 | 20.39 | 22.96 | NOTE | |
r-devel-linux-x86_64-fedora-clang | 1.1.0 | 39.62 | NOTE | |||
r-devel-linux-x86_64-fedora-gcc | 1.1.0 | 37.20 | NOTE | |||
r-devel-windows-x86_64 | 1.1.0 | 3.00 | 42.00 | 45.00 | NOTE | |
r-patched-linux-x86_64 | 1.1.0 | NOTE | ||||
r-release-linux-x86_64 | 1.1.0 | 3.14 | 26.32 | 29.46 | NOTE | |
r-release-macos-arm64 | 1.1.0 | 15.00 | NOTE | |||
r-release-macos-x86_64 | 1.1.0 | 23.00 | NOTE | |||
r-release-windows-x86_64 | 1.1.0 | 4.00 | 42.00 | 46.00 | NOTE | |
r-oldrel-macos-arm64 | 1.1.0 | 18.00 | NOTE | |||
r-oldrel-macos-x86_64 | 1.1.0 | 35.00 | NOTE | |||
r-oldrel-windows-x86_64 | 1.1.0 | 5.00 | 43.00 | 48.00 | NOTE |
Version: 1.1.0
Check: package dependencies
Result: NOTE
Package suggested but not available for checking: ‘fdpbandsdata’
Flavors: r-devel-linux-x86_64-debian-clang, r-devel-linux-x86_64-debian-gcc, r-devel-linux-x86_64-fedora-clang, r-devel-linux-x86_64-fedora-gcc, r-devel-windows-x86_64, r-patched-linux-x86_64, r-release-linux-x86_64, r-release-macos-arm64, r-release-macos-x86_64, r-release-windows-x86_64, r-oldrel-macos-arm64, r-oldrel-macos-x86_64, r-oldrel-windows-x86_64