Last updated on 2024-07-27 01:53:07 CEST.
Flavor | Version | Tinstall | Tcheck | Ttotal | Status | Flags |
---|---|---|---|---|---|---|
r-devel-linux-x86_64-debian-clang | 0.0.9 | 5.88 | 25.72 | 31.60 | OK | |
r-devel-linux-x86_64-debian-gcc | 0.0.9 | 4.93 | 20.60 | 25.53 | OK | |
r-devel-linux-x86_64-fedora-clang | 0.0.9 | 41.30 | NOTE | |||
r-devel-linux-x86_64-fedora-gcc | 0.0.9 | 39.32 | NOTE | |||
r-devel-windows-x86_64 | 0.0.9 | 8.00 | 43.00 | 51.00 | OK | |
r-patched-linux-x86_64 | 0.0.9 | OK | ||||
r-release-linux-x86_64 | 0.0.9 | 5.39 | 25.97 | 31.36 | OK | |
r-release-macos-arm64 | 0.0.9 | 21.00 | OK | |||
r-release-macos-x86_64 | 0.0.9 | 32.00 | OK | |||
r-release-windows-x86_64 | 0.0.9 | 8.00 | 43.00 | 51.00 | OK | |
r-oldrel-macos-arm64 | 0.0.9 | 21.00 | NOTE | |||
r-oldrel-macos-x86_64 | 0.0.9 | 29.00 | OK | |||
r-oldrel-windows-x86_64 | 0.0.9 | 9.00 | 45.00 | 54.00 | OK |
Version: 0.0.9
Check: data for non-ASCII characters
Result: NOTE
Note: found 13825 marked UTF-8 strings
Flavors: r-devel-linux-x86_64-fedora-clang, r-devel-linux-x86_64-fedora-gcc
Version: 0.0.9
Check: installed package size
Result: NOTE
installed size is 5.4Mb
sub-directories of 1Mb or more:
data 5.3Mb
Flavor: r-oldrel-macos-arm64