Last updated on 2024-08-16 01:48:13 CEST.
Flavor | Version | Tinstall | Tcheck | Ttotal | Status | Flags |
---|---|---|---|---|---|---|
r-devel-linux-x86_64-debian-clang | 1.2.12 | 583.78 | 310.65 | 894.43 | NOTE | |
r-devel-linux-x86_64-debian-gcc | 1.2.12 | 488.94 | 260.92 | 749.86 | NOTE | |
r-devel-linux-x86_64-fedora-clang | 1.2.12 | 1371.35 | NOTE | |||
r-devel-linux-x86_64-fedora-gcc | 1.2.12 | 1502.94 | NOTE | |||
r-devel-windows-x86_64 | 1.2.12 | 535.00 | 380.00 | 915.00 | NOTE | |
r-patched-linux-x86_64 | 1.2.12 | 638.00 | 348.51 | 986.51 | NOTE | |
r-release-linux-x86_64 | 1.2.12 | 658.40 | 348.08 | 1006.48 | NOTE | |
r-release-macos-arm64 | 1.2.12 | 347.00 | NOTE | |||
r-release-macos-x86_64 | 1.2.12 | 435.00 | NOTE | |||
r-release-windows-x86_64 | 1.2.12 | 537.00 | 384.00 | 921.00 | NOTE | |
r-oldrel-macos-arm64 | 1.2.12 | 348.00 | NOTE | |||
r-oldrel-macos-x86_64 | 1.2.12 | 485.00 | NOTE | |||
r-oldrel-windows-x86_64 | 1.2.12 | 689.00 | 496.00 | 1185.00 | NOTE |
Version: 1.2.12
Check: for GNU extensions in Makefiles
Result: NOTE
GNU make is a SystemRequirements.
Flavors: r-devel-linux-x86_64-debian-clang, r-devel-linux-x86_64-debian-gcc, r-devel-linux-x86_64-fedora-clang, r-devel-linux-x86_64-fedora-gcc, r-devel-windows-x86_64, r-patched-linux-x86_64, r-release-linux-x86_64, r-release-macos-arm64, r-release-macos-x86_64, r-release-windows-x86_64, r-oldrel-macos-arm64, r-oldrel-macos-x86_64, r-oldrel-windows-x86_64
Version: 1.2.12
Check: installed package size
Result: NOTE
installed size is 10.0Mb
sub-directories of 1Mb or more:
doc 1.9Mb
libs 6.5Mb
Flavors: r-devel-linux-x86_64-fedora-clang, r-devel-windows-x86_64, r-release-macos-arm64, r-release-macos-x86_64, r-release-windows-x86_64, r-oldrel-macos-arm64, r-oldrel-macos-x86_64, r-oldrel-windows-x86_64