Last updated on 2024-08-16 01:48:13 CEST.
Flavor | Version | Tinstall | Tcheck | Ttotal | Status | Flags |
---|---|---|---|---|---|---|
r-devel-linux-x86_64-debian-clang | 10.0-1 | 58.11 | 352.27 | 410.38 | NOTE | |
r-devel-linux-x86_64-debian-gcc | 10.0-1 | 35.32 | 227.08 | 262.40 | NOTE | |
r-devel-linux-x86_64-fedora-clang | 10.0-1 | 658.87 | OK | |||
r-devel-linux-x86_64-fedora-gcc | 10.0-1 | 620.72 | OK | |||
r-devel-windows-x86_64 | 10.0-1 | 51.00 | 276.00 | 327.00 | NOTE | |
r-patched-linux-x86_64 | 10.0-1 | 58.50 | 321.39 | 379.89 | OK | |
r-release-linux-x86_64 | 10.0-1 | 51.99 | 329.48 | 381.47 | OK | |
r-release-macos-arm64 | 10.0-1 | 152.00 | OK | |||
r-release-macos-x86_64 | 10.0-1 | 256.00 | OK | |||
r-release-windows-x86_64 | 10.0-1 | 53.00 | 272.00 | 325.00 | OK | |
r-oldrel-macos-arm64 | 10.0-1 | 85.00 | OK | |||
r-oldrel-macos-x86_64 | 10.0-1 | 157.00 | OK | |||
r-oldrel-windows-x86_64 | 10.0-1 | 70.00 | 374.00 | 444.00 | OK |
Version: 10.0-1
Check: Rd cross-references
Result: NOTE
Found the following Rd file(s) with Rd \link{} targets missing package
anchors:
age.specific.migration.Rd: wpp2019
pop.aggregate.Rd: bayesLife, bayesTFR
pop.predict.subnat.Rd: bayesTFR, convert.tfr.trajectories
predict.pop.Rd: bayesLife, convert.e0.trajectories, bayesTFR,
convert.tfr.trajectories
Please provide package anchors for all Rd \link{} targets not in the
package itself and the base packages.
Flavors: r-devel-linux-x86_64-debian-clang, r-devel-linux-x86_64-debian-gcc, r-devel-windows-x86_64