Last updated on 2025-10-21 01:48:26 CEST.
Flavor | Version | Tinstall | Tcheck | Ttotal | Status | Flags |
---|---|---|---|---|---|---|
r-devel-linux-x86_64-debian-clang | 0.2.1 | 34.78 | 117.17 | 151.95 | NOTE | |
r-devel-linux-x86_64-debian-gcc | 0.2.1 | 21.55 | 80.48 | 102.03 | NOTE | |
r-devel-linux-x86_64-fedora-clang | 0.2.1 | 264.23 | NOTE | |||
r-devel-linux-x86_64-fedora-gcc | 0.2.1 | 231.69 | NOTE | |||
r-devel-windows-x86_64 | 0.2.1 | 43.00 | 141.00 | 184.00 | NOTE | |
r-patched-linux-x86_64 | 0.2.1 | 34.85 | 106.17 | 141.02 | NOTE | |
r-release-linux-x86_64 | 0.2.1 | 31.73 | 107.76 | 139.49 | NOTE | |
r-release-macos-arm64 | 0.2.1 | 59.00 | NOTE | |||
r-release-macos-x86_64 | 0.2.1 | 157.00 | NOTE | |||
r-release-windows-x86_64 | 0.2.1 | 48.00 | 144.00 | 192.00 | NOTE | |
r-oldrel-macos-arm64 | 0.2.1 | 59.00 | NOTE | |||
r-oldrel-macos-x86_64 | 0.2.1 | 83.00 | NOTE | |||
r-oldrel-windows-x86_64 | 0.2.1 | 54.00 | 178.00 | 232.00 | NOTE |
Version: 0.2.1
Check: CRAN incoming feasibility
Result: NOTE
Maintainer: ‘Joshua Cullen <joshcullen10@gmail.com>’
Package CITATION file contains call(s) to old-style personList() or
as.personList(). Please use c() on person objects instead.
Package CITATION file contains call(s) to old-style citEntry(). Please
use bibentry() instead.
Flavors: r-devel-linux-x86_64-debian-clang, r-devel-linux-x86_64-debian-gcc
Version: 0.2.1
Check: Rd files
Result: NOTE
checkRd: (-1) insert_NAs.Rd:22: Lost braces; missing escapes or markup?
22 | A data frame where new rows have been inserted to regularize the \code{date} column. This results in values provided for \code{id}, \code{date}, and {dt} while inserting NAs for all other columns. Additionally, observations with duplicate date-times are removed.
| ^
Flavors: r-devel-linux-x86_64-debian-clang, r-devel-linux-x86_64-debian-gcc, r-devel-linux-x86_64-fedora-clang, r-devel-linux-x86_64-fedora-gcc, r-devel-windows-x86_64, r-patched-linux-x86_64, r-release-linux-x86_64, r-release-macos-arm64, r-release-macos-x86_64, r-release-windows-x86_64, r-oldrel-macos-arm64, r-oldrel-macos-x86_64, r-oldrel-windows-x86_64
Version: 0.2.1
Check: HTML version of manual
Result: NOTE
Found the following HTML validation problems:
CumSumInv.html:54:1 (CumSumInv.Rd:14): Warning: missing </ul> before </div>
SampleZAgg.html:70:1 (SampleZAgg.Rd:22): Warning: missing </ul> before </div>
StoreZ.html:54:1 (StoreZ.Rd:14): Warning: missing </ul> before </div>
SummarizeDat.html:62:1 (SummarizeDat.Rd:18): Warning: missing </ul> before </div>
rmultinom1.html:50:1 (rmultinom1.Rd:12): Warning: missing </ul> before </div>
rmultinom2.html:58:1 (rmultinom2.Rd:16): Warning: missing </ul> before </div>
summarize1.html:62:1 (summarize1.Rd:18): Warning: missing </ul> before </div>
Flavor: r-devel-linux-x86_64-debian-gcc