Last updated on 2024-07-27 01:53:07 CEST.
Flavor | Version | Tinstall | Tcheck | Ttotal | Status | Flags |
---|---|---|---|---|---|---|
r-devel-linux-x86_64-debian-clang | 0.0.2 | 30.22 | 327.35 | 357.57 | NOTE | |
r-devel-linux-x86_64-debian-gcc | 0.0.2 | 23.63 | 246.15 | 269.78 | NOTE | |
r-devel-linux-x86_64-fedora-clang | 0.0.2 | 489.90 | NOTE | |||
r-devel-linux-x86_64-fedora-gcc | 0.0.2 | 452.19 | NOTE | |||
r-devel-windows-x86_64 | 0.0.2 | 33.00 | 236.00 | 269.00 | NOTE | |
r-patched-linux-x86_64 | 0.0.2 | NOTE | ||||
r-release-linux-x86_64 | 0.0.2 | 42.73 | 314.86 | 357.59 | NOTE | |
r-release-macos-arm64 | 0.0.2 | 109.00 | NOTE | |||
r-release-macos-x86_64 | 0.0.2 | 163.00 | NOTE | |||
r-release-windows-x86_64 | 0.0.2 | 32.00 | 236.00 | 268.00 | NOTE | |
r-oldrel-macos-arm64 | 0.0.2 | 110.00 | NOTE | |||
r-oldrel-macos-x86_64 | 0.0.2 | 183.00 | NOTE | |||
r-oldrel-windows-x86_64 | 0.0.2 | 33.00 | 303.00 | 336.00 | NOTE |
Version: 0.0.2
Check: package subdirectories
Result: NOTE
Problems with news in ‘NEWS.md’:
No news entries found.
Flavors: r-devel-linux-x86_64-debian-clang, r-devel-linux-x86_64-debian-gcc, r-devel-linux-x86_64-fedora-clang, r-devel-linux-x86_64-fedora-gcc, r-devel-windows-x86_64, r-patched-linux-x86_64, r-release-linux-x86_64, r-release-macos-arm64, r-release-macos-x86_64, r-release-windows-x86_64, r-oldrel-macos-arm64, r-oldrel-macos-x86_64, r-oldrel-windows-x86_64
Version: 0.0.2
Check: Rd files
Result: NOTE
checkRd: (-1) pulse_of_the_nation.Rd:10: Escaped LaTeX specials: \$
Flavors: r-devel-linux-x86_64-debian-clang, r-devel-linux-x86_64-debian-gcc, r-devel-linux-x86_64-fedora-clang, r-devel-linux-x86_64-fedora-gcc, r-devel-windows-x86_64, r-patched-linux-x86_64, r-release-linux-x86_64, r-release-macos-arm64, r-release-macos-x86_64, r-release-windows-x86_64, r-oldrel-macos-arm64, r-oldrel-macos-x86_64, r-oldrel-windows-x86_64
Version: 0.0.2
Check: data for non-ASCII characters
Result: NOTE
Note: found 1924 marked UTF-8 strings
Flavors: r-devel-linux-x86_64-fedora-clang, r-devel-linux-x86_64-fedora-gcc