Last updated on 2024-08-16 01:48:13 CEST.
Flavor | Version | Tinstall | Tcheck | Ttotal | Status | Flags |
---|---|---|---|---|---|---|
r-devel-linux-x86_64-debian-clang | 0.14.0 | 13.34 | 641.81 | 655.15 | OK | |
r-devel-linux-x86_64-debian-gcc | 0.14.0 | 8.43 | 538.38 | 546.81 | OK | |
r-devel-linux-x86_64-fedora-clang | 0.14.0 | 911.99 | OK | |||
r-devel-linux-x86_64-fedora-gcc | 0.14.0 | 1308.92 | OK | |||
r-devel-windows-x86_64 | 0.14.0 | 13.00 | 348.00 | 361.00 | OK | |
r-patched-linux-x86_64 | 0.14.0 | 14.81 | 737.92 | 752.73 | OK | |
r-release-linux-x86_64 | 0.14.0 | 12.32 | 726.39 | 738.71 | OK | |
r-release-macos-arm64 | 0.14.0 | 170.00 | OK | |||
r-release-macos-x86_64 | 0.14.0 | 532.00 | OK | |||
r-release-windows-x86_64 | 0.14.0 | 13.00 | 345.00 | 358.00 | OK | |
r-oldrel-macos-arm64 | 0.14.0 | 156.00 | WARN | |||
r-oldrel-macos-x86_64 | 0.14.0 | 325.00 | WARN | |||
r-oldrel-windows-x86_64 | 0.14.0 | 17.00 | 444.00 | 461.00 | OK |
Version: 0.14.0
Check: Rd cross-references
Result: WARN
Missing link or links in documentation object 'estimate_density.Rd':
‘[datawizard:extract_column_names]{datawizard::extract_column_names()}’
See section 'Cross-references' in the 'Writing R Extensions' manual.
Flavors: r-oldrel-macos-arm64, r-oldrel-macos-x86_64