Last updated on 2024-08-16 01:48:13 CEST.
Flavor | Version | Tinstall | Tcheck | Ttotal | Status | Flags |
---|---|---|---|---|---|---|
r-devel-linux-x86_64-debian-clang | 1.18 | 9.77 | 82.84 | 92.61 | NOTE | |
r-devel-linux-x86_64-debian-gcc | 1.18 | 8.33 | 57.94 | 66.27 | NOTE | |
r-devel-linux-x86_64-fedora-clang | 1.18 | 150.55 | OK | |||
r-devel-linux-x86_64-fedora-gcc | 1.18 | 140.93 | OK | |||
r-devel-windows-x86_64 | 1.18 | 13.00 | 88.00 | 101.00 | NOTE | |
r-patched-linux-x86_64 | 1.18 | 10.85 | 76.03 | 86.88 | OK | |
r-release-linux-x86_64 | 1.18 | 11.43 | 78.16 | 89.59 | OK | |
r-release-macos-arm64 | 1.18 | 48.00 | OK | |||
r-release-macos-x86_64 | 1.18 | 90.00 | OK | |||
r-release-windows-x86_64 | 1.18 | 13.00 | 87.00 | 100.00 | OK | |
r-oldrel-macos-arm64 | 1.18 | 56.00 | OK | |||
r-oldrel-macos-x86_64 | 1.18 | 87.00 | OK | |||
r-oldrel-windows-x86_64 | 1.18 | 18.00 | 111.00 | 129.00 | OK |
Version: 1.18
Check: Rd cross-references
Result: NOTE
Found the following Rd file(s) with Rd \link{} targets missing package
anchors:
bhm-package.Rd: coxph, survival
bhm.Rd: coxph
brm.Rd: coxph
mpl.Rd: coxph
resboot.Rd: coxph
Please provide package anchors for all Rd \link{} targets not in the
package itself and the base packages.
Flavors: r-devel-linux-x86_64-debian-clang, r-devel-linux-x86_64-debian-gcc, r-devel-windows-x86_64