Last updated on 2024-08-16 01:48:13 CEST.
Flavor | Version | Tinstall | Tcheck | Ttotal | Status | Flags |
---|---|---|---|---|---|---|
r-devel-linux-x86_64-debian-clang | 2.0 | 12.05 | 259.37 | 271.42 | OK | |
r-devel-linux-x86_64-debian-gcc | 2.0 | 6.76 | 176.71 | 183.47 | OK | |
r-devel-linux-x86_64-fedora-clang | 2.0 | 437.70 | NOTE | |||
r-devel-linux-x86_64-fedora-gcc | 2.0 | 423.52 | OK | |||
r-devel-windows-x86_64 | 2.0 | 13.00 | 223.00 | 236.00 | OK | |
r-patched-linux-x86_64 | 2.0 | 10.19 | 241.90 | 252.09 | OK | |
r-release-linux-x86_64 | 2.0 | 10.69 | 244.42 | 255.11 | OK | |
r-release-macos-arm64 | 2.0 | 149.00 | OK | |||
r-release-macos-x86_64 | 2.0 | 302.00 | OK | |||
r-release-windows-x86_64 | 2.0 | 15.00 | 223.00 | 238.00 | OK | |
r-oldrel-macos-arm64 | 2.0 | 180.00 | OK | |||
r-oldrel-macos-x86_64 | 2.0 | 472.00 | OK | |||
r-oldrel-windows-x86_64 | 2.0 | 15.00 | 267.00 | 282.00 | OK |
Version: 2.0
Check: Rd cross-references
Result: NOTE
Undeclared package ‘bipl5’ in Rd xrefs
Flavor: r-devel-linux-x86_64-fedora-clang