Last updated on 2025-10-21 01:48:26 CEST.
Flavor | Version | Tinstall | Tcheck | Ttotal | Status | Flags |
---|---|---|---|---|---|---|
r-devel-linux-x86_64-debian-clang | 0.4.8 | 54.68 | 112.17 | 166.85 | OK | |
r-devel-linux-x86_64-debian-gcc | 0.4.8 | 40.81 | 83.15 | 123.96 | NOTE | |
r-devel-linux-x86_64-fedora-clang | 0.4.8 | 306.09 | OK | |||
r-devel-linux-x86_64-fedora-gcc | 0.4.8 | 300.86 | OK | |||
r-devel-windows-x86_64 | 0.4.8 | 65.00 | 185.00 | 250.00 | OK | |
r-patched-linux-x86_64 | 0.4.8 | 62.04 | 109.88 | 171.92 | OK | |
r-release-linux-x86_64 | 0.4.8 | 58.75 | 108.68 | 167.43 | OK | |
r-release-macos-arm64 | 0.4.8 | 81.00 | OK | |||
r-release-macos-x86_64 | 0.4.8 | 153.00 | OK | |||
r-release-windows-x86_64 | 0.4.8 | 69.00 | 189.00 | 258.00 | OK | |
r-oldrel-macos-arm64 | 0.4.8 | 80.00 | NOTE | |||
r-oldrel-macos-x86_64 | 0.4.8 | 110.00 | NOTE | |||
r-oldrel-windows-x86_64 | 0.4.8 | 65.00 | 211.00 | 276.00 | OK |
Version: 0.4.8
Check: HTML version of manual
Result: NOTE
Found the following HTML validation problems:
are_factors.html:46:1 (are_factors.Rd:10): Warning: missing </ul> before </div>
augment_ode.html:46:1 (augment_ode.Rd:10): Warning: missing </ul> before </div>
bootstrap_ss.html:50:1 (bootstrap_ss.Rd:12): Warning: missing </ul> before </div>
compute_ll.html:50:1 (compute_ll.Rd:12): Warning: missing </ul> before </div>
dag.html:46:1 (dag.Rd:10): Warning: missing </ul> before </div>
fast_equal.html:46:1 (fast_equal.Rd:10): Warning: missing </ul> before </div>
get_log_leaf_entries.html:46:1 (get_log_leaf_entries.Rd:10): Warning: missing </ul> before </div>
graph_connected_components.html:46:1 (graph_connected_components.Rd:10): Warning: missing </ul> before </div>
graph_subgraph.html:52:1 (graph_subgraph.Rd:13): Warning: missing </ul> before </div>
predictLearner.bnc.html:50:1 (predictLearner.bnc.Rd:12): Warning: missing </ul> before </div>
spode.html:46:1 (spode.Rd:10): Warning: missing </ul> before </div>
subset_by_colnames.html:51:1 (subset_by_colnames.Rd:12): Warning: missing </ul> before </div>
trainLearner.bnc.html:50:1 (trainLearner.bnc.Rd:12): Warning: missing </ul> before </div>
Flavor: r-devel-linux-x86_64-debian-gcc
Version: 0.4.8
Check: installed package size
Result: NOTE
installed size is 6.8Mb
sub-directories of 1Mb or more:
libs 6.0Mb
Flavors: r-oldrel-macos-arm64, r-oldrel-macos-x86_64