Last updated on 2025-02-11 01:49:04 CET.
Flavor | Version | Tinstall | Tcheck | Ttotal | Status | Flags |
---|---|---|---|---|---|---|
r-devel-linux-x86_64-debian-clang | 0.3.0 | 9.52 | 83.91 | 93.43 | NOTE | |
r-devel-linux-x86_64-debian-gcc | 0.3.0 | 6.95 | 62.30 | 69.25 | NOTE | |
r-devel-linux-x86_64-fedora-clang | 0.3.0 | 153.52 | NOTE | |||
r-devel-linux-x86_64-fedora-gcc | 0.3.0 | 136.45 | NOTE | |||
r-devel-windows-x86_64 | 0.3.0 | 12.00 | 88.00 | 100.00 | NOTE | |
r-patched-linux-x86_64 | 0.3.0 | 9.76 | 79.41 | 89.17 | OK | |
r-release-linux-x86_64 | 0.3.0 | 10.39 | 77.80 | 88.19 | OK | |
r-release-macos-arm64 | 0.3.0 | 44.00 | OK | |||
r-release-macos-x86_64 | 0.3.0 | 87.00 | OK | |||
r-release-windows-x86_64 | 0.3.0 | 11.00 | 90.00 | 101.00 | OK | |
r-oldrel-macos-arm64 | 0.3.0 | 47.00 | OK | |||
r-oldrel-macos-x86_64 | 0.3.0 | 86.00 | OK | |||
r-oldrel-windows-x86_64 | 0.3.0 | 14.00 | 113.00 | 127.00 | OK |
Version: 0.3.0
Check: DESCRIPTION meta-information
Result: NOTE
Missing dependency on R >= 4.1.0 because package code uses the pipe
|> or function shorthand \(...) syntax added in R 4.1.0.
File(s) using such syntax:
‘plot.R’ ‘utils.R’
Flavors: r-devel-linux-x86_64-debian-clang, r-devel-linux-x86_64-debian-gcc, r-devel-linux-x86_64-fedora-clang, r-devel-linux-x86_64-fedora-gcc, r-devel-windows-x86_64