Last updated on 2025-05-13 02:50:48 CEST.
Flavor | Version | Tinstall | Tcheck | Ttotal | Status | Flags |
---|---|---|---|---|---|---|
r-devel-linux-x86_64-debian-clang | 2.0.3 | 59.90 | 67.40 | 127.30 | OK | |
r-devel-linux-x86_64-debian-gcc | 2.0.3 | 42.11 | 47.80 | 89.91 | OK | |
r-devel-linux-x86_64-fedora-clang | 2.0.3 | 216.41 | OK | |||
r-devel-linux-x86_64-fedora-gcc | 2.0.3 | 236.98 | OK | |||
r-devel-windows-x86_64 | 2.0.3 | 66.00 | 107.00 | 173.00 | OK | |
r-patched-linux-x86_64 | 2.0.3 | 58.23 | 59.96 | 118.19 | OK | |
r-release-linux-x86_64 | 2.0.3 | 60.19 | 59.27 | 119.46 | OK | |
r-release-macos-arm64 | 2.0.3 | 65.00 | OK | |||
r-release-macos-x86_64 | 2.0.3 | 115.00 | OK | |||
r-release-windows-x86_64 | 2.0.3 | 66.00 | 107.00 | 173.00 | OK | |
r-oldrel-macos-arm64 | 2.0.3 | 58.00 | OK | |||
r-oldrel-macos-x86_64 | 2.0.3 | 93.00 | NOTE | |||
r-oldrel-windows-x86_64 | 2.0.3 | 80.00 | 126.00 | 206.00 | OK |
Version: 2.0.3
Check: installed package size
Result: NOTE
installed size is 5.1Mb
sub-directories of 1Mb or more:
libs 4.6Mb
Flavor: r-oldrel-macos-x86_64