CRAN Package Check Results for Package bpr

Last updated on 2025-10-22 01:51:20 CEST.

Flavor Version Tinstall Tcheck Ttotal Status Flags
r-devel-linux-x86_64-debian-clang 1.0.8 93.72 35.10 128.82 NOTE
r-devel-linux-x86_64-debian-gcc 1.0.8 57.91 26.76 84.67 NOTE
r-devel-linux-x86_64-fedora-clang 1.0.8 175.00 80.21 255.21 OK
r-devel-linux-x86_64-fedora-gcc 1.0.8 99.00 115.20 214.20 OK
r-devel-windows-x86_64 1.0.8 102.00 79.00 181.00 OK
r-patched-linux-x86_64 1.0.8 91.51 33.33 124.84 OK
r-release-linux-x86_64 1.0.8 89.38 33.60 122.98 OK
r-release-macos-arm64 1.0.8 30.00 22.00 52.00 OK
r-release-macos-x86_64 1.0.8 31.00 32.00 63.00 OK
r-release-windows-x86_64 1.0.8 101.00 85.00 186.00 OK
r-oldrel-macos-arm64 1.0.8 26.00 24.00 50.00 OK
r-oldrel-macos-x86_64 1.0.8 32.00 28.00 60.00 OK
r-oldrel-windows-x86_64 1.0.8 119.00 92.00 211.00 OK

Check Details

Version: 1.0.8
Check: CRAN incoming feasibility
Result: NOTE Maintainer: ‘Laura D'Angelo <laura.dangelo@live.com>’ No Authors@R field in DESCRIPTION. Please add one, modifying Authors@R: person(given = "Laura", family = "D'Angelo", role = c("aut", "cre"), email = "laura.dangelo@live.com") as necessary. Flavors: r-devel-linux-x86_64-debian-clang, r-devel-linux-x86_64-debian-gcc