Last updated on 2024-07-27 01:53:08 CEST.
Flavor | Version | Tinstall | Tcheck | Ttotal | Status | Flags |
---|---|---|---|---|---|---|
r-devel-linux-x86_64-debian-clang | 0.3.1 | 2.98 | 62.96 | 65.94 | OK | |
r-devel-linux-x86_64-debian-gcc | 0.3.1 | 2.82 | 45.39 | 48.21 | OK | |
r-devel-linux-x86_64-fedora-clang | 0.3.1 | 75.18 | OK | |||
r-devel-linux-x86_64-fedora-gcc | 0.3.1 | 96.40 | OK | |||
r-devel-windows-x86_64 | 0.3.0 | 4.00 | 39.00 | 43.00 | OK | |
r-patched-linux-x86_64 | 0.3.1 | OK | ||||
r-release-linux-x86_64 | 0.3.0 | 3.15 | 29.76 | 32.91 | OK | |
r-release-macos-arm64 | 0.3.1 | 54.00 | OK | |||
r-release-macos-x86_64 | 0.3.1 | 119.00 | OK | |||
r-release-windows-x86_64 | 0.3.1 | 6.00 | 69.00 | 75.00 | OK | |
r-oldrel-macos-arm64 | 0.3.1 | 55.00 | OK | |||
r-oldrel-macos-x86_64 | 0.3.1 | 318.00 | OK | |||
r-oldrel-windows-x86_64 | 0.3.1 | 5.00 | 51.00 | 56.00 | ERROR |
Version: 0.3.1
Check: re-building of vignette outputs
Result: ERROR
Error(s) in re-building vignettes:
--- re-building 'brea.Rmd' using rmarkdown
Quitting from lines 303-305 [unnamed-chunk-18] (brea.Rmd)
Error: processing vignette 'brea.Rmd' failed with diagnostics:
package 'MASS' must be installed
--- failed re-building 'brea.Rmd'
SUMMARY: processing the following file failed:
'brea.Rmd'
Error: Vignette re-building failed.
Execution halted
Flavor: r-oldrel-windows-x86_64