Last updated on 2024-08-16 01:48:14 CEST.
Flavor | Version | Tinstall | Tcheck | Ttotal | Status | Flags |
---|---|---|---|---|---|---|
r-devel-linux-x86_64-debian-clang | 1.1-2 | 9.53 | 269.34 | 278.87 | OK | |
r-devel-linux-x86_64-debian-gcc | 1.1-2 | 6.84 | 206.29 | 213.13 | OK | |
r-devel-linux-x86_64-fedora-clang | 1.1-2 | 425.71 | OK | |||
r-devel-linux-x86_64-fedora-gcc | 1.1-2 | 504.58 | OK | |||
r-devel-windows-x86_64 | 1.1-2 | 11.00 | 157.00 | 168.00 | OK | |
r-patched-linux-x86_64 | 1.1-2 | 9.57 | 280.15 | 289.72 | OK | |
r-release-linux-x86_64 | 1.1-2 | 9.43 | 279.92 | 289.35 | OK | |
r-release-macos-arm64 | 1.1-2 | 126.00 | OK | |||
r-release-macos-x86_64 | 1.1-2 | 250.00 | OK | |||
r-release-windows-x86_64 | 1.1-2 | 10.00 | 155.00 | 165.00 | OK | |
r-oldrel-macos-arm64 | 1.1-2 | 106.00 | OK | |||
r-oldrel-macos-x86_64 | 1.1-2 | 118.00 | NOTE | |||
r-oldrel-windows-x86_64 | 1.1-2 | 14.00 | 201.00 | 215.00 | OK |
Version: 1.1-2
Check: package dependencies
Result: NOTE
Packages suggested but not available for checking:
'BayesFactor', 'rstan', 'rstanarm', 'MCMCpack'
Flavor: r-oldrel-macos-x86_64