Last updated on 2024-08-16 01:48:14 CEST.
Flavor | Version | Tinstall | Tcheck | Ttotal | Status | Flags |
---|---|---|---|---|---|---|
r-devel-linux-x86_64-debian-clang | 1.1.1 | 8.57 | 86.77 | 95.34 | NOTE | |
r-devel-linux-x86_64-debian-gcc | 1.1.1 | 4.81 | 65.50 | 70.31 | NOTE | |
r-devel-linux-x86_64-fedora-clang | 1.1.1 | 156.64 | OK | |||
r-devel-linux-x86_64-fedora-gcc | 1.1.1 | 157.07 | OK | |||
r-devel-windows-x86_64 | 1.1.1 | 9.00 | 104.00 | 113.00 | NOTE | |
r-patched-linux-x86_64 | 1.1.1 | 14.51 | 82.29 | 96.80 | OK | |
r-release-linux-x86_64 | 1.1.1 | 7.83 | 83.01 | 90.84 | OK | |
r-release-macos-arm64 | 1.1.1 | 67.00 | OK | |||
r-release-macos-x86_64 | 1.1.1 | 150.00 | OK | |||
r-release-windows-x86_64 | 1.1.1 | 9.00 | 105.00 | 114.00 | OK | |
r-oldrel-macos-arm64 | 1.1.1 | 74.00 | OK | |||
r-oldrel-macos-x86_64 | 1.1.1 | 155.00 | OK | |||
r-oldrel-windows-x86_64 | 1.1.1 | 13.00 | 126.00 | 139.00 | OK |
Version: 1.1.1
Check: Rd cross-references
Result: NOTE
Found the following Rd file(s) with Rd \link{} targets missing package
anchors:
read_excel_workbook.Rd: read_excel
read_gsheets.Rd: read_sheet
Please provide package anchors for all Rd \link{} targets not in the
package itself and the base packages.
Flavors: r-devel-linux-x86_64-debian-clang, r-devel-linux-x86_64-debian-gcc, r-devel-windows-x86_64