Last updated on 2025-02-05 02:48:45 CET.
Flavor | Version | Tinstall | Tcheck | Ttotal | Status | Flags |
---|---|---|---|---|---|---|
r-devel-linux-x86_64-debian-clang | 1.0.3 | 5.64 | 138.61 | 144.25 | NOTE | |
r-devel-linux-x86_64-debian-gcc | 1.0.3 | 3.50 | 93.38 | 96.88 | NOTE | |
r-devel-linux-x86_64-fedora-clang | 1.0.3 | 238.78 | OK | |||
r-devel-linux-x86_64-fedora-gcc | 1.0.3 | 233.83 | OK | |||
r-devel-windows-x86_64 | 1.0.3 | 7.00 | 130.00 | 137.00 | NOTE | |
r-patched-linux-x86_64 | 1.0.3 | 5.10 | 129.40 | 134.50 | OK | |
r-release-linux-x86_64 | 1.0.3 | 5.18 | 130.08 | 135.26 | OK | |
r-release-macos-arm64 | 1.0.3 | 66.00 | OK | |||
r-release-macos-x86_64 | 1.0.3 | 95.00 | OK | |||
r-release-windows-x86_64 | 1.0.3 | 7.00 | 129.00 | 136.00 | OK | |
r-oldrel-macos-arm64 | 1.0.3 | 73.00 | OK | |||
r-oldrel-macos-x86_64 | 1.0.3 | 120.00 | OK | |||
r-oldrel-windows-x86_64 | 1.0.3 | 9.00 | 173.00 | 182.00 | OK |
Version: 1.0.3
Check: Rd cross-references
Result: NOTE
Found the following Rd file(s) with Rd \link{} targets missing package
anchors:
brkpt.Rd: glm.nb
Please provide package anchors for all Rd \link{} targets not in the
package itself and the base packages.
Flavors: r-devel-linux-x86_64-debian-clang, r-devel-linux-x86_64-debian-gcc, r-devel-windows-x86_64