Last updated on 2025-10-31 01:48:52 CET.
| Flavor | Version | Tinstall | Tcheck | Ttotal | Status | Flags | 
|---|---|---|---|---|---|---|
| r-devel-linux-x86_64-debian-clang | 0.1.0 | 1.51 | 17.37 | 18.88 | NOTE | |
| r-devel-linux-x86_64-debian-gcc | 0.1.0 | 1.31 | 14.39 | 15.70 | NOTE | |
| r-devel-linux-x86_64-fedora-clang | 0.1.0 | 26.96 | OK | |||
| r-devel-linux-x86_64-fedora-gcc | 0.1.0 | 25.44 | OK | |||
| r-devel-windows-x86_64 | 0.1.0 | 2.00 | 31.00 | 33.00 | OK | |
| r-patched-linux-x86_64 | 0.1.0 | 1.43 | 16.19 | 17.62 | OK | |
| r-release-linux-x86_64 | 0.1.0 | 1.47 | 16.69 | 18.16 | OK | |
| r-release-macos-arm64 | 0.1.0 | 1.00 | 13.00 | 14.00 | OK | |
| r-release-macos-x86_64 | 0.1.0 | 1.00 | 20.00 | 21.00 | OK | |
| r-release-windows-x86_64 | 0.1.0 | 4.00 | 35.00 | 39.00 | OK | |
| r-oldrel-macos-arm64 | 0.1.0 | 1.00 | 16.00 | 17.00 | OK | |
| r-oldrel-macos-x86_64 | 0.1.0 | 1.00 | 16.00 | 17.00 | OK | |
| r-oldrel-windows-x86_64 | 0.1.0 | 2.00 | 33.00 | 35.00 | OK | 
Version: 0.1.0
Check: CRAN incoming feasibility
Result: NOTE
  Maintainer: ‘Philipp Ottolinger <philipp@ottolinger.de>’
  
  No Authors@R field in DESCRIPTION.
  Please add one, modifying
    Authors@R: person(given = "Philipp",
                      family = "Ottolinger",
                      role = c("aut", "cre"),
                      email = "philipp@ottolinger.de")
  as necessary.
Flavors: r-devel-linux-x86_64-debian-clang, r-devel-linux-x86_64-debian-gcc