Last updated on 2024-07-27 01:53:08 CEST.
Flavor | Version | Tinstall | Tcheck | Ttotal | Status | Flags |
---|---|---|---|---|---|---|
r-devel-linux-x86_64-debian-clang | 0.1.0 | 297.31 | 149.48 | 446.79 | NOTE | |
r-devel-linux-x86_64-debian-gcc | 0.1.0 | 257.47 | 129.66 | 387.13 | NOTE | |
r-devel-linux-x86_64-fedora-clang | 0.1.0 | 578.32 | NOTE | |||
r-devel-linux-x86_64-fedora-gcc | 0.1.0 | 731.37 | NOTE | |||
r-devel-windows-x86_64 | 0.1.0 | 232.00 | 162.00 | 394.00 | NOTE | |
r-patched-linux-x86_64 | 0.1.0 | NOTE | ||||
r-release-linux-x86_64 | 0.1.0 | 239.00 | 167.89 | 406.89 | NOTE | |
r-release-macos-arm64 | 0.1.0 | 135.00 | NOTE | |||
r-release-macos-x86_64 | 0.1.0 | 253.00 | NOTE | |||
r-release-windows-x86_64 | 0.1.0 | 244.00 | 150.00 | 394.00 | NOTE | |
r-oldrel-macos-arm64 | 0.1.0 | 133.00 | NOTE | |||
r-oldrel-macos-x86_64 | 0.1.0 | 214.00 | NOTE | |||
r-oldrel-windows-x86_64 | 0.1.0 | 299.00 | 184.00 | 483.00 | NOTE |
Version: 0.1.0
Check: for GNU extensions in Makefiles
Result: NOTE
GNU make is a SystemRequirements.
Flavors: r-devel-linux-x86_64-debian-clang, r-devel-linux-x86_64-debian-gcc, r-devel-linux-x86_64-fedora-clang, r-devel-linux-x86_64-fedora-gcc, r-devel-windows-x86_64, r-patched-linux-x86_64, r-release-linux-x86_64, r-release-macos-arm64, r-release-macos-x86_64, r-release-windows-x86_64, r-oldrel-macos-arm64, r-oldrel-macos-x86_64, r-oldrel-windows-x86_64
Version: 0.1.0
Check: dependencies in R code
Result: NOTE
Namespaces in Imports field not imported from:
‘RcppParallel’ ‘rstantools’
All declared Imports should be used.
Flavors: r-devel-linux-x86_64-fedora-clang, r-devel-linux-x86_64-fedora-gcc
Version: 0.1.0
Check: installed package size
Result: NOTE
installed size is 56.4Mb
sub-directories of 1Mb or more:
libs 56.0Mb
Flavors: r-release-macos-arm64, r-release-macos-x86_64, r-oldrel-macos-arm64, r-oldrel-macos-x86_64