Last updated on 2025-10-31 01:48:54 CET.
| Flavor | Version | Tinstall | Tcheck | Ttotal | Status | Flags | 
|---|---|---|---|---|---|---|
| r-devel-linux-x86_64-debian-clang | 1.0.1 | 1.66 | 33.28 | 34.94 | NOTE | |
| r-devel-linux-x86_64-debian-gcc | 1.0.1 | 1.38 | 26.17 | 27.55 | NOTE | |
| r-devel-linux-x86_64-fedora-clang | 1.0.1 | 56.91 | OK | |||
| r-devel-linux-x86_64-fedora-gcc | 1.0.1 | 69.55 | OK | |||
| r-devel-windows-x86_64 | 1.0.1 | 3.00 | 48.00 | 51.00 | OK | |
| r-patched-linux-x86_64 | 1.0.1 | 1.55 | 32.35 | 33.90 | OK | |
| r-release-linux-x86_64 | 1.0.1 | 1.64 | 31.47 | 33.11 | OK | |
| r-release-macos-arm64 | 1.0.1 | 1.00 | 23.00 | 24.00 | OK | |
| r-release-macos-x86_64 | 1.0.1 | 2.00 | 45.00 | 47.00 | OK | |
| r-release-windows-x86_64 | 1.0.1 | 5.00 | 49.00 | 54.00 | OK | |
| r-oldrel-macos-arm64 | 1.0.1 | 1.00 | 22.00 | 23.00 | OK | |
| r-oldrel-macos-x86_64 | 1.0.1 | 2.00 | 34.00 | 36.00 | OK | |
| r-oldrel-windows-x86_64 | 1.0.1 | 4.00 | 58.00 | 62.00 | OK | 
Version: 1.0.1
Check: CRAN incoming feasibility
Result: NOTE
  Maintainer: ‘Taylor Brown <trb5me@virginia.edu>’
  
  The Description field contains
    Doucet and Pitt (2017) <arXiv:1511.04992>. If the 'rho=' argument of
  Please refer to arXiv e-prints via their arXiv DOI <doi:10.48550/arXiv.YYMM.NNNNN>.
Flavors: r-devel-linux-x86_64-debian-clang, r-devel-linux-x86_64-debian-gcc