Last updated on 2025-11-11 02:50:36 CET.
| Flavor | Version | Tinstall | Tcheck | Ttotal | Status | Flags |
|---|---|---|---|---|---|---|
| r-devel-linux-x86_64-debian-clang | 0.1.0 | 2.02 | 27.28 | 29.30 | OK | |
| r-devel-linux-x86_64-debian-gcc | 0.1.0 | 1.57 | 22.32 | 23.89 | OK | |
| r-devel-linux-x86_64-fedora-clang | 0.1.0 | 43.73 | OK | |||
| r-devel-linux-x86_64-fedora-gcc | 0.1.0 | 55.79 | OK | |||
| r-devel-windows-x86_64 | 0.1.0 | 4.00 | 47.00 | 51.00 | OK | |
| r-patched-linux-x86_64 | 0.1.0 | 1.72 | 24.95 | 26.67 | OK | |
| r-release-linux-x86_64 | 0.1.0 | 1.78 | 24.97 | 26.75 | OK | |
| r-release-macos-arm64 | 0.1.0 | 1.00 | 65.00 | 66.00 | OK | |
| r-release-macos-x86_64 | 0.1.0 | 2.00 | 75.00 | 77.00 | OK | |
| r-release-windows-x86_64 | 0.1.0 | 4.00 | 45.00 | 49.00 | OK | |
| r-oldrel-macos-arm64 | 0.1.0 | 1.00 | 53.00 | 54.00 | NOTE | |
| r-oldrel-macos-x86_64 | 0.1.0 | 2.00 | 62.00 | 64.00 | NOTE | |
| r-oldrel-windows-x86_64 | 0.1.0 | 5.00 | 52.00 | 57.00 | NOTE |
Version: 0.1.0
Check: LazyData
Result: NOTE
'LazyData' is specified without a 'data' directory
Flavors: r-oldrel-macos-arm64, r-oldrel-macos-x86_64, r-oldrel-windows-x86_64