Last updated on 2025-02-14 02:49:40 CET.
Flavor | Version | Tinstall | Tcheck | Ttotal | Status | Flags |
---|---|---|---|---|---|---|
r-devel-linux-x86_64-debian-clang | 1.0.0 | 2.42 | 31.32 | 33.74 | NOTE | |
r-devel-linux-x86_64-debian-gcc | 1.0.0 | 1.86 | 22.62 | 24.48 | NOTE | |
r-devel-linux-x86_64-fedora-clang | 1.0.0 | 54.64 | OK | |||
r-devel-linux-x86_64-fedora-gcc | 1.0.0 | 51.04 | OK | |||
r-devel-windows-x86_64 | 1.0.0 | 5.00 | 50.00 | 55.00 | OK | |
r-patched-linux-x86_64 | 1.0.0 | 2.69 | 29.28 | 31.97 | OK | |
r-release-linux-x86_64 | 1.0.0 | 2.11 | 28.93 | 31.04 | OK | |
r-release-macos-arm64 | 1.0.0 | 24.00 | OK | |||
r-release-macos-x86_64 | 1.0.0 | 27.00 | OK | |||
r-release-windows-x86_64 | 1.0.0 | 3.00 | 49.00 | 52.00 | OK | |
r-oldrel-macos-arm64 | 1.0.0 | 16.00 | OK | |||
r-oldrel-macos-x86_64 | 1.0.0 | 28.00 | OK | |||
r-oldrel-windows-x86_64 | 1.0.0 | 3.00 | 54.00 | 57.00 | OK |
Version: 1.0.0
Check: for unstated dependencies in ‘demo’
Result: NOTE
'library' or 'require' call not declared from: ‘deSolve’
Flavors: r-devel-linux-x86_64-debian-clang, r-devel-linux-x86_64-debian-gcc