Last updated on 2024-07-27 01:53:08 CEST.
Flavor | Version | Tinstall | Tcheck | Ttotal | Status | Flags |
---|---|---|---|---|---|---|
r-devel-linux-x86_64-debian-clang | 3.0-5 | 3.11 | 26.07 | 29.18 | NOTE | |
r-devel-linux-x86_64-debian-gcc | 3.0-5 | 2.65 | 21.37 | 24.02 | NOTE | |
r-devel-linux-x86_64-fedora-clang | 3.0-5 | 38.36 | NOTE | |||
r-devel-linux-x86_64-fedora-gcc | 3.0-5 | 37.05 | NOTE | |||
r-devel-windows-x86_64 | 3.0-5 | 6.00 | 52.00 | 58.00 | NOTE | |
r-patched-linux-x86_64 | 3.0-5 | NOTE | ||||
r-release-linux-x86_64 | 3.0-5 | 3.03 | 25.55 | 28.58 | NOTE | |
r-release-macos-arm64 | 3.0-5 | 16.00 | NOTE | |||
r-release-macos-x86_64 | 3.0-5 | 27.00 | NOTE | |||
r-release-windows-x86_64 | 3.0-5 | 7.00 | 59.00 | 66.00 | NOTE | |
r-oldrel-macos-arm64 | 3.0-5 | 18.00 | NOTE | |||
r-oldrel-macos-x86_64 | 3.0-5 | 23.00 | NOTE | |||
r-oldrel-windows-x86_64 | 3.0-5 | 5.00 | 56.00 | 61.00 | NOTE |
Version: 3.0-5
Check: Rd files
Result: NOTE
checkRd: (-1) States.Rd:48: Escaped LaTeX specials: \$
Flavors: r-devel-linux-x86_64-debian-clang, r-devel-linux-x86_64-debian-gcc, r-devel-linux-x86_64-fedora-clang, r-devel-linux-x86_64-fedora-gcc, r-devel-windows-x86_64, r-patched-linux-x86_64, r-release-linux-x86_64, r-release-macos-arm64, r-release-macos-x86_64, r-release-windows-x86_64, r-oldrel-macos-arm64, r-oldrel-macos-x86_64, r-oldrel-windows-x86_64