Last updated on 2025-10-22 01:51:20 CEST.
Flavor | Version | Tinstall | Tcheck | Ttotal | Status | Flags |
---|---|---|---|---|---|---|
r-devel-linux-x86_64-debian-clang | 7.0-1 | 36.88 | 394.52 | 431.40 | NOTE | |
r-devel-linux-x86_64-debian-gcc | 7.0-1 | 22.79 | 248.00 | 270.79 | NOTE | |
r-devel-linux-x86_64-fedora-clang | 7.0-1 | 211.00 | 488.26 | 699.26 | OK | |
r-devel-linux-x86_64-fedora-gcc | 7.0-1 | 80.00 | 585.79 | 665.79 | OK | |
r-devel-windows-x86_64 | 7.0-1 | 38.00 | 341.00 | 379.00 | OK | --no-vignettes |
r-patched-linux-x86_64 | 7.0-1 | 35.68 | 364.01 | 399.69 | OK | |
r-release-linux-x86_64 | 7.0-1 | 35.53 | 362.08 | 397.61 | OK | |
r-release-macos-arm64 | 7.0-1 | 15.00 | 137.00 | 152.00 | OK | |
r-release-macos-x86_64 | 7.0-1 | 36.00 | 281.00 | 317.00 | ERROR | |
r-release-windows-x86_64 | 7.0-1 | 37.00 | 354.00 | 391.00 | OK | --no-vignettes |
r-oldrel-macos-arm64 | 7.0-1 | 15.00 | 130.00 | 145.00 | OK | |
r-oldrel-macos-x86_64 | 7.0-1 | 33.00 | 385.00 | 418.00 | OK | |
r-oldrel-windows-x86_64 | 7.0-1 | 55.00 | 398.00 | 453.00 | OK | --no-vignettes |
Version: 7.0-1
Check: top-level files
Result: NOTE
Found the following validation problem for the NEWS.Rd HTML conversion:
NEWS.html:2063:1 (inst/NEWS.Rd:1168): Warning: <h3> anchor "Changes-in-version-5.11-006" already defined
Flavors: r-devel-linux-x86_64-debian-clang, r-devel-linux-x86_64-debian-gcc
Version: 7.0-1
Check: re-building of vignette outputs
Result: ERROR
Error(s) in re-building vignettes:
--- re-building ‘caret.Rmd’ using rmarkdown
Quitting from lines 11-41 [loadLibs] (caret.Rmd)
Error: processing vignette 'caret.Rmd' failed with diagnostics:
there is no package called 'klaR'
--- failed re-building ‘caret.Rmd’
SUMMARY: processing the following file failed:
‘caret.Rmd’
Error: Vignette re-building failed.
Execution halted
Flavor: r-release-macos-x86_64