Last updated on 2025-11-13 02:52:14 CET.
| Flavor | Version | Tinstall | Tcheck | Ttotal | Status | Flags |
|---|---|---|---|---|---|---|
| r-devel-linux-x86_64-debian-clang | 0.2.2 | 3.71 | 43.78 | 47.49 | OK | |
| r-devel-linux-x86_64-debian-gcc | 0.2.2 | 2.39 | 33.26 | 35.65 | OK | |
| r-devel-linux-x86_64-fedora-clang | 0.2.2 | 70.71 | OK | |||
| r-devel-linux-x86_64-fedora-gcc | 0.2.2 | 80.29 | OK | |||
| r-devel-windows-x86_64 | 0.2.2 | 5.00 | 57.00 | 62.00 | OK | |
| r-patched-linux-x86_64 | 0.2.2 | 3.46 | 40.22 | 43.68 | OK | |
| r-release-linux-x86_64 | 0.2.2 | 3.51 | 39.66 | 43.17 | OK | |
| r-release-macos-arm64 | 0.2.2 | 3.00 | 30.00 | 33.00 | OK | |
| r-release-macos-x86_64 | 0.2.2 | 3.00 | 52.00 | 55.00 | OK | |
| r-release-windows-x86_64 | 0.2.2 | 7.00 | 56.00 | 63.00 | OK | |
| r-oldrel-macos-arm64 | 0.2.2 | 2.00 | 29.00 | 31.00 | NOTE | |
| r-oldrel-macos-x86_64 | 0.2.2 | 2.00 | 42.00 | 44.00 | NOTE | |
| r-oldrel-windows-x86_64 | 0.2.2 | 6.00 | 69.00 | 75.00 | NOTE |
Version: 0.2.2
Check: LazyData
Result: NOTE
'LazyData' is specified without a 'data' directory
Flavors: r-oldrel-macos-arm64, r-oldrel-macos-x86_64, r-oldrel-windows-x86_64