Last updated on 2025-11-15 02:52:55 CET.
| Flavor | Version | Tinstall | Tcheck | Ttotal | Status | Flags |
|---|---|---|---|---|---|---|
| r-devel-linux-x86_64-debian-clang | 0.3-3 | 168.18 | 51.12 | 219.30 | OK | |
| r-devel-linux-x86_64-debian-gcc | 0.3-3 | 129.75 | 36.78 | 166.53 | OK | |
| r-devel-linux-x86_64-fedora-clang | 0.3-3 | 137.00 | 252.12 | 389.12 | OK | |
| r-devel-linux-x86_64-fedora-gcc | 0.3-3 | 156.00 | 265.53 | 421.53 | OK | |
| r-devel-windows-x86_64 | 0.3-3 | 194.00 | 91.00 | 285.00 | OK | |
| r-patched-linux-x86_64 | 0.3-3 | 183.20 | 49.24 | 232.44 | OK | |
| r-release-linux-x86_64 | 0.3-3 | 181.90 | 49.96 | 231.86 | OK | |
| r-release-macos-arm64 | 0.3-3 | 62.00 | 25.00 | 87.00 | OK | |
| r-release-macos-x86_64 | 0.3-3 | 193.00 | 111.00 | 304.00 | OK | |
| r-release-windows-x86_64 | 0.3-3 | 181.00 | 96.00 | 277.00 | OK | |
| r-oldrel-macos-arm64 | 0.3-3 | 66.00 | 29.00 | 95.00 | NOTE | |
| r-oldrel-macos-x86_64 | 0.3-3 | 152.00 | 120.00 | 272.00 | NOTE | |
| r-oldrel-windows-x86_64 | 0.3-3 | 223.00 | 115.00 | 338.00 | OK |
Version: 0.3-3
Check: installed package size
Result: NOTE
installed size is 18.1Mb
sub-directories of 1Mb or more:
libs 17.8Mb
Flavors: r-oldrel-macos-arm64, r-oldrel-macos-x86_64