Last updated on 2024-08-16 01:48:14 CEST.
Flavor | Version | Tinstall | Tcheck | Ttotal | Status | Flags |
---|---|---|---|---|---|---|
r-devel-linux-x86_64-debian-clang | 1.2.0 | 5.24 | 314.36 | 319.60 | OK | |
r-devel-linux-x86_64-debian-gcc | 1.2.0 | 3.46 | 190.54 | 194.00 | OK | |
r-devel-linux-x86_64-fedora-clang | 1.2.0 | 519.49 | NOTE | |||
r-devel-linux-x86_64-fedora-gcc | 1.2.0 | 508.45 | OK | |||
r-devel-windows-x86_64 | 1.2.0 | 6.00 | 281.00 | 287.00 | OK | |
r-patched-linux-x86_64 | 1.2.0 | 6.69 | 290.13 | 296.82 | OK | |
r-release-linux-x86_64 | 1.2.0 | 3.87 | 291.12 | 294.99 | OK | |
r-release-macos-arm64 | 1.2.0 | 130.00 | OK | |||
r-release-macos-x86_64 | 1.2.0 | 236.00 | OK | |||
r-release-windows-x86_64 | 1.2.0 | 6.00 | 284.00 | 290.00 | OK | |
r-oldrel-macos-arm64 | 1.2.0 | 163.00 | OK | |||
r-oldrel-macos-x86_64 | 1.2.0 | 439.00 | OK | |||
r-oldrel-windows-x86_64 | 1.2.0 | 7.00 | 363.00 | 370.00 | OK |
Version: 1.2.0
Check: installed package size
Result: NOTE
installed size is 5.0Mb
sub-directories of 1Mb or more:
doc 3.6Mb
Flavor: r-devel-linux-x86_64-fedora-clang