Last updated on 2024-07-27 01:53:08 CEST.
Flavor | Version | Tinstall | Tcheck | Ttotal | Status | Flags |
---|---|---|---|---|---|---|
r-devel-linux-x86_64-debian-clang | 0.1.0 | 8.69 | 28.98 | 37.67 | OK | |
r-devel-linux-x86_64-debian-gcc | 0.1.0 | 6.96 | 22.87 | 29.83 | OK | |
r-devel-linux-x86_64-fedora-clang | 0.1.0 | 41.03 | NOTE | |||
r-devel-linux-x86_64-fedora-gcc | 0.1.0 | 39.83 | OK | |||
r-devel-windows-x86_64 | 0.1.0 | 18.00 | 47.00 | 65.00 | NOTE | |
r-patched-linux-x86_64 | 0.1.0 | OK | ||||
r-release-linux-x86_64 | 0.1.0 | 9.05 | 27.91 | 36.96 | OK | |
r-release-macos-arm64 | 0.1.0 | 28.00 | NOTE | |||
r-release-macos-x86_64 | 0.1.0 | 49.00 | NOTE | |||
r-release-windows-x86_64 | 0.1.0 | 26.00 | 46.00 | 72.00 | NOTE | |
r-oldrel-macos-arm64 | 0.1.0 | 29.00 | NOTE | |||
r-oldrel-macos-x86_64 | 0.1.0 | 43.00 | NOTE | |||
r-oldrel-windows-x86_64 | 0.1.0 | 19.00 | 44.00 | 63.00 | NOTE |
Version: 0.1.0
Check: installed package size
Result: NOTE
installed size is 38.5Mb
sub-directories of 1Mb or more:
include 38.3Mb
Flavors: r-devel-linux-x86_64-fedora-clang, r-devel-windows-x86_64, r-release-macos-arm64, r-release-macos-x86_64, r-release-windows-x86_64, r-oldrel-macos-arm64, r-oldrel-macos-x86_64, r-oldrel-windows-x86_64