Last updated on 2024-08-16 01:48:14 CEST.
Flavor | Version | Tinstall | Tcheck | Ttotal | Status | Flags |
---|---|---|---|---|---|---|
r-devel-linux-x86_64-debian-clang | 2.2.4 | 9.18 | 416.88 | 426.06 | NOTE | |
r-devel-linux-x86_64-debian-gcc | 2.2.4 | 6.00 | 257.18 | 263.18 | NOTE | |
r-devel-linux-x86_64-fedora-clang | 2.2.4 | 668.97 | NOTE | |||
r-devel-linux-x86_64-fedora-gcc | 2.2.4 | 621.00 | NOTE | |||
r-devel-windows-x86_64 | 2.2.4 | 16.00 | 406.00 | 422.00 | NOTE | |
r-patched-linux-x86_64 | 2.2.4 | 11.09 | 392.96 | 404.05 | NOTE | |
r-release-linux-x86_64 | 2.2.4 | 8.09 | 391.28 | 399.37 | NOTE | |
r-release-macos-arm64 | 2.2.4 | 168.00 | NOTE | |||
r-release-macos-x86_64 | 2.2.4 | 307.00 | NOTE | |||
r-release-windows-x86_64 | 2.2.4 | 16.00 | 398.00 | 414.00 | NOTE | |
r-oldrel-macos-arm64 | 2.2.4 | 122.00 | OK | |||
r-oldrel-macos-x86_64 | 2.2.4 | 227.00 | OK | |||
r-oldrel-windows-x86_64 | 2.2.4 | 18.00 | 510.00 | 528.00 | OK |
Version: 2.2.4
Check: Rd files
Result: NOTE
checkRd: (-1) ftse100.Rd:8: Lost braces; missing escapes or markup?
8 | This dataset gives the daily returns (c_{t+1}/c_t -1) of the UK FTSE 100 index from 2nd April 1984 until the 13th September 2012.
| ^
Flavors: r-devel-linux-x86_64-debian-clang, r-devel-linux-x86_64-debian-gcc, r-devel-linux-x86_64-fedora-clang, r-devel-linux-x86_64-fedora-gcc, r-devel-windows-x86_64, r-patched-linux-x86_64, r-release-linux-x86_64, r-release-macos-arm64, r-release-macos-x86_64, r-release-windows-x86_64