Last updated on 2025-10-22 01:51:20 CEST.
Flavor | Version | Tinstall | Tcheck | Ttotal | Status | Flags |
---|---|---|---|---|---|---|
r-devel-linux-x86_64-debian-clang | 0.9.1 | 40.29 | 290.58 | 330.87 | NOTE | |
r-devel-linux-x86_64-debian-gcc | 0.9.1 | 26.69 | 175.68 | 202.37 | NOTE | |
r-devel-linux-x86_64-fedora-clang | 0.9.1 | 56.00 | 329.81 | 385.81 | OK | |
r-devel-linux-x86_64-fedora-gcc | 0.9.1 | 87.00 | 427.59 | 514.59 | OK | |
r-devel-windows-x86_64 | 0.9.1 | 39.00 | 236.00 | 275.00 | OK | |
r-patched-linux-x86_64 | 0.9.1 | 38.91 | 273.23 | 312.14 | OK | |
r-release-linux-x86_64 | 0.9.1 | 37.67 | 274.53 | 312.20 | OK | |
r-release-macos-arm64 | 0.9.1 | 19.00 | 97.00 | 116.00 | OK | |
r-release-macos-x86_64 | 0.9.1 | 39.00 | 231.00 | 270.00 | OK | |
r-release-windows-x86_64 | 0.9.1 | 41.00 | 238.00 | 279.00 | OK | |
r-oldrel-macos-arm64 | 0.9.1 | 14.00 | 103.00 | 117.00 | OK | |
r-oldrel-macos-x86_64 | 0.9.1 | 40.00 | 240.00 | 280.00 | OK | |
r-oldrel-windows-x86_64 | 0.9.1 | 58.00 | 326.00 | 384.00 | OK |
Version: 0.9.1
Check: HTML version of manual
Result: NOTE
Found the following HTML validation problems:
addEuclideanPath.html:115:1 (addEuclideanPath.Rd:47): Warning: missing </ul> before </div>
addPump.html:75:1 (addPump.Rd:25): Warning: missing </ul> before </div>
addRoads.html:50:1 (addRoads.Rd:12): Warning: missing </ul> before </div>
addWalkingPath.html:119:1 (addWalkingPath.Rd:49): Warning: missing </ul> before </div>
euclideanPath.html:93:1 (euclideanPath.Rd:35): Warning: missing </ul> before </div>
isoVertices.html:59:1 (isoVertices.Rd:17): Warning: missing </ul> before </div>
mapRange.html:46:1 (mapRange.Rd:10): Warning: missing </ul> before </div>
neighborhoodSnow.html:46:1 (neighborhoodSnow.Rd:10): Warning: missing </ul> before </div>
neighborhoodWalking.html:67:1 (neighborhoodWalking.Rd:21): Warning: missing </ul> before </div>
plot.euclideanLatlong.html:73:1 (plot.euclideanLatlong.Rd:24): Warning: missing </ul> before </div>
plot.profile_perspective.html:51:1 (plot.profile_perspective.Rd:12): Warning: missing </ul> before </div>
plot.snow.html:81:1 (plot.snow.Rd:28): Warning: missing </ul> before </div>
plot.voronoi_latlong.html:64:1 (plot.voronoi_latlong.Rd:19): Warning: missing </ul> before </div>
tanakaContourPlot.html:46:1 (tanakaContourPlot.Rd:10): Warning: missing </ul> before </div>
walkingPath.html:93:1 (walkingPath.Rd:35): Warning: missing </ul> before </div>
Flavors: r-devel-linux-x86_64-debian-clang, r-devel-linux-x86_64-debian-gcc