Last updated on 2024-08-16 01:48:14 CEST.
Flavor | Version | Tinstall | Tcheck | Ttotal | Status | Flags |
---|---|---|---|---|---|---|
r-devel-linux-x86_64-debian-clang | 3.7.3 | 14.12 | 95.06 | 109.18 | OK | |
r-devel-linux-x86_64-debian-gcc | 3.7.3 | 11.42 | 69.39 | 80.81 | OK | |
r-devel-linux-x86_64-fedora-clang | 3.7.3 | 180.68 | NOTE | |||
r-devel-linux-x86_64-fedora-gcc | 3.7.3 | 166.79 | NOTE | |||
r-devel-windows-x86_64 | 3.7.3 | 19.00 | 110.00 | 129.00 | OK | |
r-patched-linux-x86_64 | 3.7.3 | 17.16 | 90.61 | 107.77 | OK | |
r-release-linux-x86_64 | 3.7.3 | 16.82 | 90.45 | 107.27 | OK | |
r-release-macos-arm64 | 3.7.3 | 45.00 | OK | |||
r-release-macos-x86_64 | 3.7.3 | 92.00 | OK | |||
r-release-windows-x86_64 | 3.7.3 | 18.00 | 110.00 | 128.00 | OK | |
r-oldrel-macos-arm64 | 3.7.3 | 55.00 | OK | |||
r-oldrel-macos-x86_64 | 3.7.3 | 99.00 | OK | |||
r-oldrel-windows-x86_64 | 3.7.3 | 24.00 | 133.00 | 157.00 | OK |
Version: 3.7.3
Check: data for non-ASCII characters
Result: NOTE
Note: found 10 marked UTF-8 strings
Flavors: r-devel-linux-x86_64-fedora-clang, r-devel-linux-x86_64-fedora-gcc