Last updated on 2024-08-16 01:48:14 CEST.
Flavor | Version | Tinstall | Tcheck | Ttotal | Status | Flags |
---|---|---|---|---|---|---|
r-devel-linux-x86_64-debian-clang | 4.1.1 | 4.75 | 40.30 | 45.05 | OK | |
r-devel-linux-x86_64-debian-gcc | 4.1.1 | 3.14 | 30.30 | 33.44 | OK | |
r-devel-linux-x86_64-fedora-clang | 4.1.1 | 74.36 | NOTE | |||
r-devel-linux-x86_64-fedora-gcc | 4.1.1 | 82.26 | NOTE | |||
r-devel-windows-x86_64 | 4.1.1 | 6.00 | 62.00 | 68.00 | OK | |
r-patched-linux-x86_64 | 4.1.1 | 4.08 | 37.88 | 41.96 | OK | |
r-release-linux-x86_64 | 4.1.1 | 4.51 | 38.68 | 43.19 | OK | |
r-release-macos-arm64 | 4.1.1 | 30.00 | OK | |||
r-release-macos-x86_64 | 4.1.1 | 48.00 | OK | |||
r-release-windows-x86_64 | 4.1.1 | 6.00 | 63.00 | 69.00 | OK | |
r-oldrel-macos-arm64 | 4.1.1 | 32.00 | OK | |||
r-oldrel-macos-x86_64 | 4.1.1 | 44.00 | OK | |||
r-oldrel-windows-x86_64 | 4.1.1 | 8.00 | 68.00 | 76.00 | OK |
Version: 4.1.1
Check: dependencies in R code
Result: NOTE
Namespace in Imports field not imported from: ‘htmltools’
All declared Imports should be used.
Flavors: r-devel-linux-x86_64-fedora-clang, r-devel-linux-x86_64-fedora-gcc