Last updated on 2025-10-22 01:51:20 CEST.
Flavor | Version | Tinstall | Tcheck | Ttotal | Status | Flags |
---|---|---|---|---|---|---|
r-devel-linux-x86_64-debian-clang | 1.1.2 | 7.83 | 65.23 | 73.06 | OK | |
r-devel-linux-x86_64-debian-gcc | 1.1.2 | 5.52 | 47.85 | 53.37 | OK | |
r-devel-linux-x86_64-fedora-clang | 1.1.2 | 10.00 | 74.80 | 84.80 | OK | |
r-devel-linux-x86_64-fedora-gcc | 1.1.2 | 16.00 | 87.99 | 103.99 | OK | |
r-devel-windows-x86_64 | 1.1.2 | 10.00 | 74.00 | 84.00 | OK | |
r-patched-linux-x86_64 | 1.1.2 | 7.41 | 61.12 | 68.53 | OK | |
r-release-linux-x86_64 | 1.1.2 | 6.58 | 60.93 | 67.51 | OK | |
r-release-macos-arm64 | 1.1.2 | 4.00 | 32.00 | 36.00 | OK | |
r-release-macos-x86_64 | 1.1.2 | 7.00 | 63.00 | 70.00 | OK | |
r-release-windows-x86_64 | 1.1.2 | 10.00 | 75.00 | 85.00 | OK | |
r-oldrel-macos-arm64 | 1.1.2 | 4.00 | 33.00 | 37.00 | NOTE | |
r-oldrel-macos-x86_64 | 1.1.2 | 5.00 | 43.00 | 48.00 | NOTE | |
r-oldrel-windows-x86_64 | 1.1.2 | 13.00 | 93.00 | 106.00 | NOTE |
Version: 1.1.2
Check: LazyData
Result: NOTE
'LazyData' is specified without a 'data' directory
Flavors: r-oldrel-macos-arm64, r-oldrel-macos-x86_64, r-oldrel-windows-x86_64