Last updated on 2024-08-16 01:48:15 CEST.
Flavor | Version | Tinstall | Tcheck | Ttotal | Status | Flags |
---|---|---|---|---|---|---|
r-devel-linux-x86_64-debian-clang | 0.2.0 | 7.55 | 94.15 | 101.70 | NOTE | |
r-devel-linux-x86_64-debian-gcc | 0.2.0 | 4.44 | 68.28 | 72.72 | NOTE | |
r-devel-linux-x86_64-fedora-clang | 0.2.0 | 161.85 | NOTE | |||
r-devel-linux-x86_64-fedora-gcc | 0.2.0 | 166.73 | OK | |||
r-devel-windows-x86_64 | 0.2.0 | 11.00 | 111.00 | 122.00 | NOTE | |
r-patched-linux-x86_64 | 0.2.0 | 13.47 | 88.35 | 101.82 | OK | |
r-release-linux-x86_64 | 0.2.0 | 6.83 | 89.42 | 96.25 | OK | |
r-release-macos-arm64 | 0.2.0 | 56.00 | NOTE | |||
r-release-macos-x86_64 | 0.2.0 | 81.00 | NOTE | |||
r-release-windows-x86_64 | 0.2.0 | 11.00 | 111.00 | 122.00 | NOTE | |
r-oldrel-macos-arm64 | 0.2.0 | 66.00 | NOTE | |||
r-oldrel-macos-x86_64 | 0.2.0 | 146.00 | NOTE | |||
r-oldrel-windows-x86_64 | 0.2.0 | 12.00 | 133.00 | 145.00 | NOTE |
Version: 0.2.0
Check: Rd cross-references
Result: NOTE
Found the following Rd file(s) with Rd \link{} targets missing package
anchors:
knitPrintListObjects.Rd: knitr
Please provide package anchors for all Rd \link{} targets not in the
package itself and the base packages.
Flavors: r-devel-linux-x86_64-debian-clang, r-devel-linux-x86_64-debian-gcc, r-devel-windows-x86_64
Version: 0.2.0
Check: installed package size
Result: NOTE
installed size is 7.6Mb
sub-directories of 1Mb or more:
doc 6.5Mb
Flavors: r-devel-linux-x86_64-fedora-clang, r-devel-windows-x86_64, r-release-macos-arm64, r-release-macos-x86_64, r-release-windows-x86_64, r-oldrel-macos-arm64, r-oldrel-macos-x86_64, r-oldrel-windows-x86_64