Last updated on 2025-11-15 02:52:56 CET.
| Flavor | Version | Tinstall | Tcheck | Ttotal | Status | Flags |
|---|---|---|---|---|---|---|
| r-devel-linux-x86_64-debian-clang | 0.7.2 | 116.68 | 104.12 | 220.80 | OK | |
| r-devel-linux-x86_64-debian-gcc | 0.7.2 | 73.00 | 76.82 | 149.82 | OK | |
| r-devel-linux-x86_64-fedora-clang | 0.7.2 | 207.00 | 192.61 | 399.61 | OK | |
| r-devel-linux-x86_64-fedora-gcc | 0.7.2 | 243.00 | 150.63 | 393.63 | OK | |
| r-devel-windows-x86_64 | 0.7.2 | 137.00 | 141.00 | 278.00 | OK | |
| r-patched-linux-x86_64 | 0.7.2 | 120.33 | 100.19 | 220.52 | OK | |
| r-release-linux-x86_64 | 0.7.2 | 117.75 | 99.64 | 217.39 | OK | |
| r-release-macos-arm64 | 0.7.2 | 44.00 | 62.00 | 106.00 | OK | |
| r-release-macos-x86_64 | 0.7.2 | 54.00 | 111.00 | 165.00 | OK | |
| r-release-windows-x86_64 | 0.7.2 | 131.00 | 140.00 | 271.00 | OK | |
| r-oldrel-macos-arm64 | 0.7.2 | 46.00 | 58.00 | 104.00 | NOTE | |
| r-oldrel-macos-x86_64 | 0.7.2 | 44.00 | 80.00 | 124.00 | NOTE | |
| r-oldrel-windows-x86_64 | 0.7.2 | 164.00 | 169.00 | 333.00 | NOTE |
Version: 0.7.2
Check: package dependencies
Result: NOTE
Package suggested but not available for checking: ‘PopGenome’
Flavors: r-oldrel-macos-arm64, r-oldrel-macos-x86_64, r-oldrel-windows-x86_64
Version: 0.7.2
Check: installed package size
Result: NOTE
installed size is 6.3Mb
sub-directories of 1Mb or more:
R 2.0Mb
libs 3.6Mb
Flavors: r-oldrel-macos-arm64, r-oldrel-macos-x86_64