Last updated on 2025-05-17 02:53:17 CEST.
Flavor | Version | Tinstall | Tcheck | Ttotal | Status | Flags |
---|---|---|---|---|---|---|
r-devel-linux-x86_64-debian-clang | 1.7-0 | 3.90 | 195.04 | 198.94 | OK | |
r-devel-linux-x86_64-debian-gcc | 1.7-0 | 2.84 | 137.48 | 140.32 | OK | |
r-devel-linux-x86_64-fedora-clang | 1.7-0 | 315.40 | OK | |||
r-devel-linux-x86_64-fedora-gcc | 1.7-0 | 313.96 | OK | |||
r-devel-windows-x86_64 | 1.7-0 | 7.00 | 318.00 | 325.00 | OK | |
r-patched-linux-x86_64 | 1.7-0 | 6.24 | 184.22 | 190.46 | OK | |
r-release-linux-x86_64 | 1.7-0 | 3.61 | 184.87 | 188.48 | OK | |
r-release-macos-arm64 | 1.7-0 | 108.00 | OK | |||
r-release-macos-x86_64 | 1.7-0 | 222.00 | OK | |||
r-release-windows-x86_64 | 1.7-0 | 8.00 | 319.00 | 327.00 | OK | |
r-oldrel-macos-arm64 | 1.7-0 | 118.00 | NOTE | |||
r-oldrel-macos-x86_64 | 1.7-0 | 253.00 | NOTE | |||
r-oldrel-windows-x86_64 | 1.7-0 | 8.00 | 336.00 | 344.00 | NOTE |
Version: 1.7-0
Check: installed package size
Result: NOTE
installed size is 5.9Mb
sub-directories of 1Mb or more:
doc 2.6Mb
extdata 2.4Mb
Flavors: r-oldrel-macos-arm64, r-oldrel-macos-x86_64, r-oldrel-windows-x86_64