Last updated on 2024-08-16 01:48:15 CEST.
Flavor | Version | Tinstall | Tcheck | Ttotal | Status | Flags |
---|---|---|---|---|---|---|
r-devel-linux-x86_64-debian-clang | 0.1.7 | 145.73 | 69.29 | 215.02 | NOTE | |
r-devel-linux-x86_64-debian-gcc | 0.1.7 | 109.02 | 49.52 | 158.54 | NOTE | |
r-devel-linux-x86_64-fedora-clang | 0.1.7 | 415.47 | NOTE | |||
r-devel-linux-x86_64-fedora-gcc | 0.1.7 | 447.48 | NOTE | |||
r-devel-windows-x86_64 | 0.1.7 | 160.00 | 100.00 | 260.00 | NOTE | |
r-patched-linux-x86_64 | 0.1.7 | 150.99 | 64.24 | 215.23 | NOTE | |
r-release-linux-x86_64 | 0.1.7 | 150.71 | 65.27 | 215.98 | NOTE | |
r-release-macos-arm64 | 0.1.7 | 89.00 | NOTE | |||
r-release-macos-x86_64 | 0.1.7 | 100.00 | NOTE | |||
r-release-windows-x86_64 | 0.1.7 | 164.00 | 102.00 | 266.00 | NOTE | |
r-oldrel-macos-arm64 | 0.1.7 | 130.00 | NOTE | |||
r-oldrel-macos-x86_64 | 0.1.7 | 198.00 | NOTE | |||
r-oldrel-windows-x86_64 | 0.1.7 | 188.00 | 119.00 | 307.00 | NOTE |
Version: 0.1.7
Check: C++ specification
Result: NOTE
Specified C++11: please drop specification unless essential
Flavors: r-devel-linux-x86_64-debian-clang, r-devel-linux-x86_64-debian-gcc, r-devel-linux-x86_64-fedora-clang, r-devel-linux-x86_64-fedora-gcc, r-devel-windows-x86_64, r-patched-linux-x86_64, r-release-linux-x86_64, r-release-macos-arm64, r-release-macos-x86_64, r-release-windows-x86_64, r-oldrel-macos-arm64, r-oldrel-macos-x86_64, r-oldrel-windows-x86_64
Version: 0.1.7
Check: dependencies in R code
Result: NOTE
Namespaces in Imports field not imported from:
‘base’ ‘lwgeom’ ‘s2’
All declared Imports should be used.
Flavors: r-devel-linux-x86_64-fedora-clang, r-devel-linux-x86_64-fedora-gcc
Version: 0.1.7
Check: installed package size
Result: NOTE
installed size is 10.6Mb
sub-directories of 1Mb or more:
libs 10.2Mb
Flavors: r-release-macos-arm64, r-release-macos-x86_64, r-oldrel-macos-arm64, r-oldrel-macos-x86_64