Last updated on 2025-10-21 01:48:28 CEST.
Flavor | Version | Tinstall | Tcheck | Ttotal | Status | Flags |
---|---|---|---|---|---|---|
r-devel-linux-x86_64-debian-clang | 1.1-6 | 49.18 | 714.62 | 763.80 | OK | |
r-devel-linux-x86_64-debian-gcc | 1.1-6 | 26.16 | 497.90 | 524.06 | NOTE | |
r-devel-linux-x86_64-fedora-clang | 1.1-6 | 845.21 | OK | |||
r-devel-linux-x86_64-fedora-gcc | 1.1-6 | 1106.11 | OK | |||
r-devel-windows-x86_64 | 1.1-6 | 55.00 | 434.00 | 489.00 | OK | --no-vignettes |
r-patched-linux-x86_64 | 1.1-6 | 54.20 | 681.98 | 736.18 | OK | |
r-release-linux-x86_64 | 1.1-6 | 43.87 | 687.13 | 731.00 | OK | |
r-release-macos-arm64 | 1.1-6 | 364.00 | OK | |||
r-release-macos-x86_64 | 1.1-6 | 735.00 | OK | |||
r-release-windows-x86_64 | 1.1-6 | 54.00 | 439.00 | 493.00 | OK | --no-vignettes |
r-oldrel-macos-arm64 | 1.1-6 | 304.00 | NOTE | |||
r-oldrel-macos-x86_64 | 1.1-6 | 611.00 | NOTE | |||
r-oldrel-windows-x86_64 | 1.1-6 | 74.00 | 468.00 | 542.00 | NOTE | --no-vignettes |
Version: 1.1-6
Check: top-level files
Result: NOTE
Found the following validation problem for the NEWS.Rd HTML conversion:
NEWS.html:54:1 (inst/NEWS.Rd:23): Warning: <h4> anchor "Bug-Fixes" already defined
NEWS.html:86:1 (inst/NEWS.Rd:40): Warning: <h4> anchor "Bug-Fixes" already defined
NEWS.html:97:1 (inst/NEWS.Rd:45): Warning: <h4> anchor "Misc" already defined
NEWS.html:116:1 (inst/NEWS.Rd:56): Warning: <h4> anchor "Misc" already defined
NEWS.html:162:1 (inst/NEWS.Rd:78): Warning: <h4> anchor "Miscellaneous" already defined
NEWS.html:181:1 (inst/NEWS.Rd:88): Warning: <h4> anchor "New-Features" already defined
NEWS.html:224:1 (inst/NEWS.Rd:118): Warning: <h4> anchor "Bug-Fixes" already defined
NEWS.html:244:1 (inst/NEWS.Rd:130): Warning: <h4> anchor "New-Features" already defined
NEWS.html:282:1 (inst/NEWS.Rd:158): Warning: <h4> anchor "Bug-Fixes" already defined
NEWS.html:313:1 (inst/NEWS.Rd:180): Warning: <h4> anchor "New-Features" already defined
NEWS.html:338:1 (inst/NEWS.Rd:197): Warning: <h4> anchor "Bug-Fixes" already defined
NEWS.html:356:1 (inst/NEWS.Rd:207): Warning: <h4> anchor "New-Features" already defined
NEWS.html:372:1 (inst/NEWS.Rd:216): Warning: <h4> anchor "Bug-Fixes" already defined
NEWS.html:396:1 (inst/NEWS.Rd:231): Warning: <h4> anchor "New-Features" already defined
NEWS.html:455:1 (inst/NEWS.Rd:273): Warning: <h4> anchor "Bug-Fixes" already defined
NEWS.html:485:1 (inst/NEWS.Rd:288): Warning: <h4> anchor "New-Features" already defined
NEWS.html:501:1 (inst/NEWS.Rd:297): Warning: <h4> anchor "Bug-Fixes" already defined
NEWS.html:517:1 (inst/NEWS.Rd:306): Warning: <h4> anchor "New-Features" already defined
NEWS.html:551:1 (inst/NEWS.Rd:329): Warning: <h4> anchor "Bug-Fixes" already defined
NEWS.html:588:1 (inst/NEWS.Rd:353): Warning: <h4> anchor "Bug-Fixes" already defined
NEWS.html:636:1 (inst/NEWS.Rd:381): Warning: <h4> anchor "New-Features" already defined
Flavor: r-devel-linux-x86_64-debian-gcc
Version: 1.1-6
Check: installed package size
Result: NOTE
installed size is 7.8Mb
sub-directories of 1Mb or more:
R 2.4Mb
doc 3.2Mb
Flavors: r-oldrel-macos-arm64, r-oldrel-macos-x86_64
Version: 1.1-6
Flags: --no-vignettes
Check: installed package size
Result: NOTE
installed size is 7.3Mb
sub-directories of 1Mb or more:
R 2.1Mb
doc 3.2Mb
Flavor: r-oldrel-windows-x86_64