Last updated on 2024-08-16 01:48:15 CEST.
Flavor | Version | Tinstall | Tcheck | Ttotal | Status | Flags |
---|---|---|---|---|---|---|
r-devel-linux-x86_64-debian-clang | 0.5.1 | 61.56 | 131.27 | 192.83 | NOTE | |
r-devel-linux-x86_64-debian-gcc | 0.5.1 | 41.33 | 97.34 | 138.67 | NOTE | |
r-devel-linux-x86_64-fedora-clang | 0.5.1 | 347.97 | NOTE | |||
r-devel-linux-x86_64-fedora-gcc | 0.5.1 | 354.98 | NOTE | |||
r-devel-windows-x86_64 | 0.5.1 | 67.00 | 176.00 | 243.00 | NOTE | |
r-patched-linux-x86_64 | 0.5.1 | 64.29 | 126.31 | 190.60 | OK | |
r-release-linux-x86_64 | 0.5.1 | 62.52 | 127.49 | 190.01 | OK | |
r-release-macos-arm64 | 0.5.1 | 87.00 | OK | |||
r-release-macos-x86_64 | 0.5.1 | 118.00 | OK | |||
r-release-windows-x86_64 | 0.5.1 | 69.00 | 172.00 | 241.00 | OK | |
r-oldrel-macos-arm64 | 0.5.1 | 83.00 | OK | |||
r-oldrel-macos-x86_64 | 0.5.1 | 211.00 | OK | |||
r-oldrel-windows-x86_64 | 0.5.1 | 79.00 | 213.00 | 292.00 | OK |
Version: 0.5.1
Check: Rd cross-references
Result: NOTE
Found the following Rd file(s) with Rd \link{} targets missing package
anchors:
tCorpus-cash-annotate_rsyntax.Rd: tquery
tCorpus-cash-subset.Rd: subset.data.table
Please provide package anchors for all Rd \link{} targets not in the
package itself and the base packages.
Flavors: r-devel-linux-x86_64-debian-clang, r-devel-linux-x86_64-debian-gcc, r-devel-windows-x86_64
Version: 0.5.1
Check: data for non-ASCII characters
Result: NOTE
Note: found 438 marked UTF-8 strings
Flavors: r-devel-linux-x86_64-fedora-clang, r-devel-linux-x86_64-fedora-gcc