Last updated on 2024-08-16 01:48:15 CEST.
Flavor | Version | Tinstall | Tcheck | Ttotal | Status | Flags |
---|---|---|---|---|---|---|
r-devel-linux-x86_64-debian-clang | 0.4.0 | 2.05 | 26.84 | 28.89 | OK | |
r-devel-linux-x86_64-debian-gcc | 0.4.0 | 1.48 | 20.86 | 22.34 | OK | |
r-devel-linux-x86_64-fedora-clang | 0.4.0 | 46.47 | NOTE | |||
r-devel-linux-x86_64-fedora-gcc | 0.4.0 | 55.43 | OK | |||
r-devel-windows-x86_64 | 0.4.0 | 4.00 | 48.00 | 52.00 | OK | |
r-patched-linux-x86_64 | 0.4.0 | 2.46 | 25.29 | 27.75 | OK | |
r-release-linux-x86_64 | 0.4.0 | 2.11 | 25.64 | 27.75 | OK | |
r-release-macos-arm64 | 0.4.0 | 23.00 | OK | |||
r-release-macos-x86_64 | 0.4.0 | 37.00 | OK | |||
r-release-windows-x86_64 | 0.4.0 | 4.00 | 48.00 | 52.00 | OK | |
r-oldrel-macos-arm64 | 0.4.0 | 24.00 | OK | |||
r-oldrel-macos-x86_64 | 0.4.0 | 34.00 | OK | |||
r-oldrel-windows-x86_64 | 0.4.0 | 4.00 | 51.00 | 55.00 | OK |
Version: 0.4.0
Check: Rd cross-references
Result: NOTE
Undeclared packages ‘xaringan’, ‘beepr’ in Rd xrefs
Flavor: r-devel-linux-x86_64-fedora-clang