Last updated on 2024-08-16 01:48:15 CEST.
Flavor | Version | Tinstall | Tcheck | Ttotal | Status | Flags |
---|---|---|---|---|---|---|
r-devel-linux-x86_64-debian-clang | 0.1.0 | 2.14 | 24.01 | 26.15 | NOTE | |
r-devel-linux-x86_64-debian-gcc | 0.1.0 | 1.70 | 19.11 | 20.81 | NOTE | |
r-devel-linux-x86_64-fedora-clang | 0.1.0 | 41.47 | NOTE | |||
r-devel-linux-x86_64-fedora-gcc | 0.1.0 | 39.09 | NOTE | |||
r-devel-windows-x86_64 | 0.1.0 | 3.00 | 44.00 | 47.00 | OK | |
r-patched-linux-x86_64 | 0.1.0 | 2.19 | 22.48 | 24.67 | NOTE | |
r-release-linux-x86_64 | 0.1.0 | 2.07 | 22.59 | 24.66 | NOTE | |
r-release-macos-arm64 | 0.1.0 | 18.00 | OK | |||
r-release-macos-x86_64 | 0.1.0 | 27.00 | OK | |||
r-release-windows-x86_64 | 0.1.0 | 4.00 | 45.00 | 49.00 | OK | |
r-oldrel-macos-arm64 | 0.1.0 | 18.00 | OK | |||
r-oldrel-macos-x86_64 | 0.1.0 | 24.00 | OK | |||
r-oldrel-windows-x86_64 | 0.1.0 | 3.00 | 47.00 | 50.00 | OK |
Version: 0.1.0
Check: for non-standard things in the check directory
Result: NOTE
Found the following files/directories:
‘covfefe_inauguration.txt’
Flavors: r-devel-linux-x86_64-debian-clang, r-devel-linux-x86_64-debian-gcc, r-devel-linux-x86_64-fedora-clang, r-devel-linux-x86_64-fedora-gcc, r-patched-linux-x86_64, r-release-linux-x86_64