Last updated on 2024-08-16 01:48:15 CEST.
Flavor | Version | Tinstall | Tcheck | Ttotal | Status | Flags |
---|---|---|---|---|---|---|
r-devel-linux-x86_64-debian-clang | 2023.05.18 | 8.50 | 41.56 | 50.06 | OK | |
r-devel-linux-x86_64-debian-gcc | 2023.05.18 | 5.87 | 30.68 | 36.55 | OK | |
r-devel-linux-x86_64-fedora-clang | 2023.05.18 | 83.12 | NOTE | |||
r-devel-linux-x86_64-fedora-gcc | 2023.05.18 | 93.18 | NOTE | |||
r-devel-windows-x86_64 | 2023.05.18 | 10.00 | 61.00 | 71.00 | OK | |
r-patched-linux-x86_64 | 2023.05.18 | 9.38 | 39.98 | 49.36 | OK | |
r-release-linux-x86_64 | 2023.05.18 | 8.76 | 39.69 | 48.45 | OK | |
r-release-macos-arm64 | 2023.05.18 | 33.00 | OK | |||
r-release-macos-x86_64 | 2023.05.18 | 52.00 | OK | |||
r-release-windows-x86_64 | 2023.05.18 | 10.00 | 61.00 | 71.00 | OK | |
r-oldrel-macos-arm64 | 2023.05.18 | 37.00 | OK | |||
r-oldrel-macos-x86_64 | 2023.05.18 | 98.00 | OK | |||
r-oldrel-windows-x86_64 | 2023.05.18 | 9.00 | 60.00 | 69.00 | OK |
Version: 2023.05.18
Check: data for non-ASCII characters
Result: NOTE
Note: found 213180 marked UTF-8 strings
Flavors: r-devel-linux-x86_64-fedora-clang, r-devel-linux-x86_64-fedora-gcc