Last updated on 2025-10-31 01:48:54 CET.
| Flavor | Version | Tinstall | Tcheck | Ttotal | Status | Flags | 
|---|---|---|---|---|---|---|
| r-devel-linux-x86_64-debian-clang | 1.0.0 | 19.60 | 27.77 | 47.37 | OK | |
| r-devel-linux-x86_64-debian-gcc | 1.0.0 | 14.26 | 22.58 | 36.84 | OK | |
| r-devel-linux-x86_64-fedora-clang | 1.0.0 | 47.00 | 25.00 | 72.00 | NOTE | |
| r-devel-linux-x86_64-fedora-gcc | 1.0.0 | 46.00 | 36.62 | 82.62 | NOTE | |
| r-devel-windows-x86_64 | 1.0.0 | 23.00 | 47.00 | 70.00 | OK | |
| r-patched-linux-x86_64 | 1.0.0 | 20.74 | 25.54 | 46.28 | OK | |
| r-release-linux-x86_64 | 1.0.0 | 19.73 | 25.43 | 45.16 | OK | |
| r-release-macos-arm64 | 1.0.0 | 15.00 | 30.00 | 45.00 | OK | |
| r-release-macos-x86_64 | 1.0.0 | 28.00 | 47.00 | 75.00 | OK | |
| r-release-windows-x86_64 | 1.0.0 | 22.00 | 48.00 | 70.00 | OK | |
| r-oldrel-macos-arm64 | 1.0.0 | 15.00 | 24.00 | 39.00 | NOTE | |
| r-oldrel-macos-x86_64 | 1.0.0 | 21.00 | 34.00 | 55.00 | NOTE | |
| r-oldrel-windows-x86_64 | 1.0.0 | 29.00 | 54.00 | 83.00 | NOTE | 
Version: 1.0.0
Check: dependencies in R code
Result: NOTE
  Namespace in Imports field not imported from: ‘usethis’
    All declared Imports should be used.
Flavors: r-devel-linux-x86_64-fedora-clang, r-devel-linux-x86_64-fedora-gcc
Version: 1.0.0
Check: installed package size
Result: NOTE
    installed size is  5.9Mb
    sub-directories of 1Mb or more:
      help   4.7Mb
Flavors: r-oldrel-macos-arm64, r-oldrel-macos-x86_64, r-oldrel-windows-x86_64