Last updated on 2025-05-12 01:49:08 CEST.
Flavor | Version | Tinstall | Tcheck | Ttotal | Status | Flags |
---|---|---|---|---|---|---|
r-devel-linux-x86_64-debian-clang | 0.2.0 | 2.93 | 24.75 | 27.68 | OK | |
r-devel-linux-x86_64-debian-gcc | 0.2.0 | 2.05 | 20.58 | 22.63 | OK | |
r-devel-linux-x86_64-fedora-clang | 0.2.0 | 41.14 | OK | |||
r-devel-linux-x86_64-fedora-gcc | 0.2.0 | 54.13 | OK | |||
r-devel-windows-x86_64 | 0.2.0 | 6.00 | 48.00 | 54.00 | OK | |
r-patched-linux-x86_64 | 0.2.0 | 2.65 | 22.70 | 25.35 | OK | |
r-release-linux-x86_64 | 0.2.0 | 2.40 | 22.61 | 25.01 | OK | |
r-release-macos-arm64 | 0.2.0 | 26.00 | OK | |||
r-release-macos-x86_64 | 0.2.0 | 67.00 | OK | |||
r-release-windows-x86_64 | 0.2.0 | 5.00 | 48.00 | 53.00 | OK | |
r-oldrel-macos-arm64 | 0.2.0 | 52.00 | NOTE | |||
r-oldrel-macos-x86_64 | 0.2.0 | 68.00 | NOTE | |||
r-oldrel-windows-x86_64 | 0.2.0 | 6.00 | 53.00 | 59.00 | NOTE |
Version: 0.2.0
Check: installed package size
Result: NOTE
installed size is 8.2Mb
sub-directories of 1Mb or more:
include 7.7Mb
Flavors: r-oldrel-macos-arm64, r-oldrel-macos-x86_64, r-oldrel-windows-x86_64