Last updated on 2025-11-12 02:52:53 CET.
| Flavor | Version | Tinstall | Tcheck | Ttotal | Status | Flags |
|---|---|---|---|---|---|---|
| r-devel-linux-x86_64-debian-clang | 0.2.3 | 8.16 | 102.12 | 110.28 | OK | |
| r-devel-linux-x86_64-debian-gcc | 0.2.3 | 5.57 | 70.00 | 75.57 | OK | |
| r-devel-linux-x86_64-fedora-clang | 0.2.3 | 26.00 | 140.87 | 166.87 | OK | |
| r-devel-linux-x86_64-fedora-gcc | 0.2.3 | 17.00 | 152.53 | 169.53 | OK | |
| r-devel-windows-x86_64 | 0.2.3 | 10.00 | 108.00 | 118.00 | OK | |
| r-patched-linux-x86_64 | 0.2.3 | 7.57 | 97.26 | 104.83 | OK | |
| r-release-linux-x86_64 | 0.2.3 | 7.87 | 98.22 | 106.09 | OK | |
| r-release-macos-arm64 | 0.2.3 | 4.00 | 118.00 | 122.00 | OK | |
| r-release-macos-x86_64 | 0.2.3 | 7.00 | 85.00 | 92.00 | OK | |
| r-release-windows-x86_64 | 0.2.3 | 13.00 | 102.00 | 115.00 | OK | |
| r-oldrel-macos-arm64 | 0.2.3 | 3.00 | 54.00 | 57.00 | NOTE | |
| r-oldrel-macos-x86_64 | 0.2.3 | 6.00 | 90.00 | 96.00 | NOTE | |
| r-oldrel-windows-x86_64 | 0.2.3 | 15.00 | 130.00 | 145.00 | NOTE |
Version: 0.2.3
Check: installed package size
Result: NOTE
installed size is 6.5Mb
sub-directories of 1Mb or more:
doc 6.4Mb
Flavors: r-oldrel-macos-arm64, r-oldrel-macos-x86_64, r-oldrel-windows-x86_64