Last updated on 2024-08-16 01:48:15 CEST.
Flavor | Version | Tinstall | Tcheck | Ttotal | Status | Flags |
---|---|---|---|---|---|---|
r-devel-linux-x86_64-debian-clang | 1.2.0 | 16.11 | 309.20 | 325.31 | NOTE | |
r-devel-linux-x86_64-debian-gcc | 1.2.0 | 10.65 | 186.25 | 196.90 | NOTE | |
r-devel-linux-x86_64-fedora-clang | 1.2.0 | 519.77 | NOTE | |||
r-devel-linux-x86_64-fedora-gcc | 1.2.0 | 490.71 | OK | |||
r-devel-windows-x86_64 | 1.2.0 | 19.00 | 446.00 | 465.00 | NOTE | |
r-patched-linux-x86_64 | 1.2.0 | 22.75 | 301.37 | 324.12 | OK | |
r-release-linux-x86_64 | 1.2.0 | 15.18 | 299.73 | 314.91 | OK | |
r-release-macos-arm64 | 1.2.0 | 131.00 | OK | |||
r-release-macos-x86_64 | 1.2.0 | 204.00 | OK | |||
r-release-windows-x86_64 | 1.2.0 | 19.00 | 448.00 | 467.00 | OK | |
r-oldrel-macos-arm64 | 1.2.0 | 121.00 | OK | |||
r-oldrel-macos-x86_64 | 1.2.0 | 246.00 | OK | |||
r-oldrel-windows-x86_64 | 1.2.0 | 23.00 | 461.00 | 484.00 | OK |
Version: 1.2.0
Check: Rd cross-references
Result: NOTE
Found the following Rd file(s) with Rd \link{} targets missing package
anchors:
crossnma.Rd: jags.model
netconnection.crossnma.Rd: netconnection
netconnection.crossnma.model.Rd: netconnection
netgraph.crossnma.Rd: netgraph.netmeta
netgraph.crossnma.model.Rd: netgraph.netmeta
Please provide package anchors for all Rd \link{} targets not in the
package itself and the base packages.
Flavors: r-devel-linux-x86_64-debian-clang, r-devel-linux-x86_64-debian-gcc, r-devel-windows-x86_64
Version: 1.2.0
Check: Rd cross-references
Result: NOTE
Undeclared package ‘R2jags’ in Rd xrefs
Flavor: r-devel-linux-x86_64-fedora-clang