Last updated on 2025-10-31 01:48:54 CET.
| Flavor | Version | Tinstall | Tcheck | Ttotal | Status | Flags | 
|---|---|---|---|---|---|---|
| r-devel-linux-x86_64-debian-clang | 0.1.1 | 3.14 | 327.72 | 330.86 | NOTE | |
| r-devel-linux-x86_64-debian-gcc | 0.1.1 | 2.18 | 198.40 | 200.58 | NOTE | |
| r-devel-linux-x86_64-fedora-clang | 0.1.1 | 546.28 | OK | |||
| r-devel-linux-x86_64-fedora-gcc | 0.1.1 | 555.03 | OK | |||
| r-devel-windows-x86_64 | 0.1.1 | 4.00 | 283.00 | 287.00 | OK | |
| r-patched-linux-x86_64 | 0.1.1 | 2.97 | 302.28 | 305.25 | OK | |
| r-release-linux-x86_64 | 0.1.1 | 2.71 | 307.50 | 310.21 | OK | |
| r-release-macos-arm64 | 0.1.1 | 2.00 | 135.00 | 137.00 | OK | |
| r-release-macos-x86_64 | 0.1.1 | 2.00 | 289.00 | 291.00 | OK | |
| r-release-windows-x86_64 | 0.1.1 | 5.00 | 286.00 | 291.00 | OK | |
| r-oldrel-macos-arm64 | 0.1.1 | 1.00 | 118.00 | 119.00 | OK | |
| r-oldrel-macos-x86_64 | 0.1.1 | 3.00 | 208.00 | 211.00 | OK | |
| r-oldrel-windows-x86_64 | 0.1.1 | 5.00 | 393.00 | 398.00 | OK | 
Version: 0.1.1
Check: CRAN incoming feasibility
Result: NOTE
  Maintainer: ‘Michael Klein <michael.klein@yale.edu>’
  
  No Authors@R field in DESCRIPTION.
  Please add one, modifying
    Authors@R: person(given = "Michael",
                      family = "Klein",
                      role = c("aut", "cre"),
                      email = "michael.klein@yale.edu")
  as necessary.
Flavors: r-devel-linux-x86_64-debian-clang, r-devel-linux-x86_64-debian-gcc