CRAN Package Check Results for Package ctf

Last updated on 2025-11-14 01:51:35 CET.

Flavor Version Tinstall Tcheck Ttotal Status Flags
r-devel-linux-x86_64-debian-clang 0.1.0 1.51 21.94 23.45 NOTE
r-devel-linux-x86_64-debian-gcc 0.1.0 1.35 19.10 20.45 NOTE
r-devel-linux-x86_64-fedora-clang 0.1.0 35.72 OK
r-devel-linux-x86_64-fedora-gcc 0.1.0 47.82 OK
r-devel-windows-x86_64 0.1.0 3.00 41.00 44.00 OK
r-patched-linux-x86_64 0.1.0 1.48 21.37 22.85 OK
r-release-linux-x86_64 0.1.0 1.47 21.24 22.71 OK
r-release-macos-arm64 0.1.0 1.00 25.00 26.00 OK
r-release-macos-x86_64 0.1.0 1.00 37.00 38.00 OK
r-release-windows-x86_64 0.1.0 5.00 41.00 46.00 OK
r-oldrel-macos-arm64 0.1.0 1.00 22.00 23.00 OK
r-oldrel-macos-x86_64 0.1.0 1.00 31.00 32.00 OK
r-oldrel-windows-x86_64 0.1.0 4.00 46.00 50.00 OK

Check Details

Version: 0.1.0
Check: CRAN incoming feasibility
Result: NOTE Maintainer: ‘Clark Fitzgerald <fitzgerald@csus.edu>’ The BugReports field in DESCRIPTION has https://github.com/julianofhernandez/ctf which should likely be https://github.com/julianofhernandez/ctf/issues instead. Flavors: r-devel-linux-x86_64-debian-clang, r-devel-linux-x86_64-debian-gcc