CRAN Package Check Results for Package d3Network

Last updated on 2025-11-14 01:51:35 CET.

Flavor Version Tinstall Tcheck Ttotal Status Flags
r-devel-linux-x86_64-debian-clang 0.5.2.1 2.14 27.83 29.97 NOTE
r-devel-linux-x86_64-debian-gcc 0.5.2.1 1.94 22.32 24.26 NOTE
r-devel-linux-x86_64-fedora-clang 0.5.2.1 45.02 OK
r-devel-linux-x86_64-fedora-gcc 0.5.2.1 42.60 OK
r-devel-windows-x86_64 0.5.2.1 4.00 46.00 50.00 OK
r-patched-linux-x86_64 0.5.2.1 2.91 26.54 29.45 OK
r-release-linux-x86_64 0.5.2.1 2.18 26.70 28.88 OK
r-release-macos-arm64 0.5.2.1 1.00 16.00 17.00 OK
r-release-macos-x86_64 0.5.2.1 2.00 31.00 33.00 OK
r-release-windows-x86_64 0.5.2.1 4.00 46.00 50.00 OK
r-oldrel-macos-arm64 0.5.2.1 1.00 17.00 18.00 OK
r-oldrel-macos-x86_64 0.5.2.1 3.00 24.00 27.00 OK
r-oldrel-windows-x86_64 0.5.2.1 5.00 52.00 57.00 OK

Check Details

Version: 0.5.2.1
Check: CRAN incoming feasibility
Result: NOTE Maintainer: ‘Christopher Gandrud <christopher.gandrud@gmail.com>’ No Authors@R field in DESCRIPTION. Please add one, modifying Authors@R: person(given = "Christopher", family = "Gandrud", role = c("aut", "cre"), email = "christopher.gandrud@gmail.com") as necessary. Flavors: r-devel-linux-x86_64-debian-clang, r-devel-linux-x86_64-debian-gcc