Last updated on 2024-08-16 01:48:16 CEST.
Flavor | Version | Tinstall | Tcheck | Ttotal | Status | Flags |
---|---|---|---|---|---|---|
r-devel-linux-x86_64-debian-clang | 0.12.2 | 9.98 | 436.63 | 446.61 | OK | |
r-devel-linux-x86_64-debian-gcc | 0.12.2 | 8.10 | 402.48 | 410.58 | OK | |
r-devel-linux-x86_64-fedora-clang | 0.12.2 | 628.06 | NOTE | |||
r-devel-linux-x86_64-fedora-gcc | 0.12.2 | 1063.29 | OK | |||
r-devel-windows-x86_64 | 0.12.2 | 14.00 | 314.00 | 328.00 | OK | |
r-patched-linux-x86_64 | 0.12.2 | 14.28 | 427.52 | 441.80 | OK | |
r-release-linux-x86_64 | 0.12.2 | 11.56 | 426.83 | 438.39 | OK | |
r-release-macos-arm64 | 0.12.2 | 474.00 | OK | |||
r-release-macos-x86_64 | 0.12.2 | 1163.00 | OK | |||
r-release-windows-x86_64 | 0.12.2 | 15.00 | 321.00 | 336.00 | OK | |
r-oldrel-macos-arm64 | 0.12.2 | 460.00 | ERROR | |||
r-oldrel-macos-x86_64 | 0.12.2 | 910.00 | ERROR | |||
r-oldrel-windows-x86_64 | 0.12.2 | 17.00 | 398.00 | 415.00 | OK |
Version: 0.12.2
Check: Rd cross-references
Result: NOTE
Undeclared package ‘performance’ in Rd xrefs
Flavor: r-devel-linux-x86_64-fedora-clang
Version: 0.12.2
Check: running R code from vignettes
Result: ERROR
Errors in running code in vignettes:
when running code in ‘tidyverse_translation.Rmd’
...
+ FUN.VALUE = logical(1))) || getRversion() < "4.1.0") {
+ evaluate_chunk <- FALSE
.... [TRUNCATED]
> data_filter(starwars, skin_color == "light", eye_color ==
+ "brown")
When sourcing ‘tidyverse_translation.R’:
Error: could not find function "data_filter"
Execution halted
‘selection_syntax.Rmd’ using ‘UTF-8’... [1s/1s] OK
‘standardize_data.Rmd’ using ‘UTF-8’... [4s/4s] OK
‘tidyverse_translation.Rmd’ using ‘UTF-8’... failed
Flavor: r-oldrel-macos-arm64
Version: 0.12.2
Check: running R code from vignettes
Result: ERROR
Errors in running code in vignettes:
when running code in ‘tidyverse_translation.Rmd’
...
+ FUN.VALUE = logical(1))) || getRversion() < "4.1.0") {
+ evaluate_chunk <- FALSE
.... [TRUNCATED]
> data_filter(starwars, skin_color == "light", eye_color ==
+ "brown")
When sourcing ‘tidyverse_translation.R’:
Error: could not find function "data_filter"
Execution halted
‘selection_syntax.Rmd’ using ‘UTF-8’... [1s/2s] OK
‘standardize_data.Rmd’ using ‘UTF-8’... [7s/11s] OK
‘tidyverse_translation.Rmd’ using ‘UTF-8’... failed
Flavor: r-oldrel-macos-x86_64